CRAN Package Check Results for Package shinyBS

Last updated on 2022-01-23 22:49:54 CET.

Flavor Version Tinstall Tcheck Ttotal Status Flags
r-devel-linux-x86_64-debian-clang 0.61 3.63 42.26 45.89 NOTE
r-devel-linux-x86_64-debian-gcc 0.61 2.88 36.30 39.18 NOTE
r-devel-linux-x86_64-fedora-clang 0.61 56.09 NOTE
r-devel-linux-x86_64-fedora-gcc 0.61 44.58 NOTE
r-devel-windows-x86_64-new-UL 0.61 39.00 64.00 103.00 NOTE
r-devel-windows-x86_64-new-TK 0.61 NOTE
r-patched-linux-x86_64 0.61 9.80 40.50 50.30 NOTE
r-release-linux-x86_64 0.61 3.05 40.00 43.05 NOTE
r-release-macos-arm64 0.61 NOTE
r-release-macos-x86_64 0.61 NOTE
r-release-windows-ix86+x86_64 0.61 8.00 56.00 64.00 NOTE
r-oldrel-macos-x86_64 0.61 NOTE
r-oldrel-windows-ix86+x86_64 0.61 9.00 52.00 61.00 NOTE

Check Details

Version: 0.61
Check: R code for possible problems
Result: NOTE
    popify: no visible global function definition for 'runif'
    tipify: no visible global function definition for 'runif'
    Undefined global functions or variables:
     runif
    Consider adding
     importFrom("stats", "runif")
    to your NAMESPACE file.
Flavors: r-devel-linux-x86_64-debian-clang, r-devel-linux-x86_64-debian-gcc, r-devel-linux-x86_64-fedora-clang, r-devel-linux-x86_64-fedora-gcc, r-devel-windows-x86_64-new-UL, r-devel-windows-x86_64-new-TK, r-patched-linux-x86_64, r-release-linux-x86_64, r-release-macos-arm64, r-release-macos-x86_64, r-release-windows-ix86+x86_64, r-oldrel-macos-x86_64, r-oldrel-windows-ix86+x86_64