CRAN Package Check Results for Package shinyChakraUI

Last updated on 2022-05-28 22:55:19 CEST.

Flavor Version Tinstall Tcheck Ttotal Status Flags
r-devel-linux-x86_64-debian-clang 1.1.1 8.07 58.88 66.95 OK
r-devel-linux-x86_64-debian-gcc 1.1.1 6.22 46.32 52.54 OK
r-devel-linux-x86_64-fedora-clang 1.1.1 78.24 NOTE
r-devel-linux-x86_64-fedora-gcc 1.1.1 67.63 OK
r-devel-windows-x86_64 1.1.1 63.00 84.00 147.00 NOTE
r-patched-linux-x86_64 1.1.1 8.49 57.66 66.15 OK
r-release-linux-x86_64 1.1.1 6.64 58.63 65.27 OK
r-release-macos-arm64 1.1.1 24.00 NOTE
r-release-macos-x86_64 1.1.1 51.00 NOTE
r-release-windows-x86_64 1.1.1 62.00 90.00 152.00 NOTE
r-oldrel-macos-arm64 1.1.1 23.00 NOTE
r-oldrel-macos-x86_64 1.1.1 38.00 NOTE
r-oldrel-windows-ix86+x86_64 1.1.1 20.00 78.00 98.00 NOTE

Check Details

Version: 1.1.1
Check: installed package size
Result: NOTE
     installed size is 20.6Mb
     sub-directories of 1Mb or more:
     www 19.7Mb
Flavors: r-devel-linux-x86_64-fedora-clang, r-devel-windows-x86_64, r-release-macos-arm64, r-release-macos-x86_64, r-release-windows-x86_64, r-oldrel-macos-arm64, r-oldrel-macos-x86_64, r-oldrel-windows-ix86+x86_64