CRAN Package Check Results for Package shinyKGode

Last updated on 2022-01-25 22:57:10 CET.

Flavor Version Tinstall Tcheck Ttotal Status Flags
r-devel-linux-x86_64-debian-clang 1.0.5 2.11 29.79 31.90 NOTE
r-devel-linux-x86_64-debian-gcc 1.0.5 1.84 23.53 25.37 NOTE
r-devel-linux-x86_64-fedora-clang 1.0.5 39.34 NOTE
r-devel-linux-x86_64-fedora-gcc 1.0.5 28.43 NOTE
r-devel-windows-x86_64-new-UL 1.0.5 17.00 47.00 64.00 NOTE
r-devel-windows-x86_64-new-TK 1.0.5 NOTE
r-patched-linux-x86_64 1.0.5 2.29 28.47 30.76 NOTE
r-release-linux-x86_64 1.0.5 2.09 28.70 30.79 NOTE
r-release-macos-arm64 1.0.5 NOTE
r-release-macos-x86_64 1.0.5 NOTE
r-release-windows-ix86+x86_64 1.0.5 6.00 38.00 44.00 NOTE
r-oldrel-macos-x86_64 1.0.5 NOTE
r-oldrel-windows-ix86+x86_64 1.0.5 6.00 38.00 44.00 OK

Check Details

Version: 1.0.5
Check: LazyData
Result: NOTE
     'LazyData' is specified without a 'data' directory
Flavors: r-devel-linux-x86_64-debian-clang, r-devel-linux-x86_64-debian-gcc, r-devel-linux-x86_64-fedora-clang, r-devel-linux-x86_64-fedora-gcc, r-devel-windows-x86_64-new-UL, r-devel-windows-x86_64-new-TK, r-patched-linux-x86_64, r-release-linux-x86_64, r-release-macos-arm64, r-release-macos-x86_64, r-release-windows-ix86+x86_64

Version: 1.0.5
Check: dependencies in R code
Result: NOTE
    Namespaces in Imports field not imported from:
     ‘KGode’ ‘XML’ ‘ggplot2’ ‘gridExtra’ ‘mvtnorm’ ‘reshape2’ ‘shinyjs’
     All declared Imports should be used.
Flavors: r-devel-linux-x86_64-fedora-clang, r-devel-linux-x86_64-fedora-gcc, r-devel-windows-x86_64-new-TK, r-release-macos-arm64, r-release-macos-x86_64, r-oldrel-macos-x86_64