CRAN Package Check Results for Package shinyKnobs

Last updated on 2023-04-01 22:53:56 CEST.

Flavor Version Tinstall Tcheck Ttotal Status Flags
r-devel-linux-x86_64-debian-clang 0.1.3 4.08 34.91 38.99 NOTE
r-devel-linux-x86_64-debian-gcc 0.1.3 2.94 27.86 30.80 NOTE
r-devel-linux-x86_64-fedora-clang 0.1.3 49.20 NOTE
r-devel-linux-x86_64-fedora-gcc 0.1.3 46.75 NOTE
r-patched-linux-x86_64 0.1.3 3.60 34.15 37.75 NOTE
r-release-linux-x86_64 0.1.3 3.70 36.37 40.07 NOTE
r-release-macos-arm64 0.1.3 18.00 NOTE
r-release-macos-x86_64 0.1.3 39.00 NOTE
r-release-windows-x86_64 0.1.3 17.00 75.00 92.00 NOTE
r-oldrel-macos-arm64 0.1.3 23.00 NOTE
r-oldrel-macos-x86_64 0.1.3 31.00 NOTE
r-oldrel-windows-ix86+x86_64 0.1.3 11.00 63.00 74.00 NOTE

Check Details

Version: 0.1.3
Check: LazyData
Result: NOTE
     'LazyData' is specified without a 'data' directory
Flavors: r-devel-linux-x86_64-debian-clang, r-devel-linux-x86_64-debian-gcc, r-devel-linux-x86_64-fedora-clang, r-devel-linux-x86_64-fedora-gcc, r-patched-linux-x86_64, r-release-linux-x86_64, r-release-macos-arm64, r-release-macos-x86_64, r-release-windows-x86_64, r-oldrel-macos-arm64, r-oldrel-macos-x86_64, r-oldrel-windows-ix86+x86_64