CRAN Package Check Results for Package shinyMolBio

Last updated on 2022-05-23 22:58:26 CEST.

Flavor Version Tinstall Tcheck Ttotal Status Flags
r-devel-linux-x86_64-debian-clang 0.2 8.06 93.14 101.20 NOTE
r-devel-linux-x86_64-debian-gcc 0.2 8.12 68.24 76.36 NOTE
r-devel-linux-x86_64-fedora-clang 0.2 118.01 NOTE
r-devel-linux-x86_64-fedora-gcc 0.2 107.12 NOTE
r-devel-windows-x86_64 0.2 25.00 108.00 133.00 NOTE
r-patched-linux-x86_64 0.2 6.51 87.32 93.83 NOTE
r-release-linux-x86_64 0.2 NOTE
r-release-macos-arm64 0.2 35.00 NOTE
r-release-macos-x86_64 0.2 56.00 NOTE
r-release-windows-x86_64 0.2 26.00 107.00 133.00 NOTE
r-oldrel-macos-arm64 0.2 44.00 NOTE
r-oldrel-macos-x86_64 0.2 59.00 NOTE
r-oldrel-windows-ix86+x86_64 0.2 23.00 103.00 126.00 NOTE

Check Details

Version: 0.2
Check: LazyData
Result: NOTE
     'LazyData' is specified without a 'data' directory
Flavors: r-devel-linux-x86_64-debian-clang, r-devel-linux-x86_64-debian-gcc, r-devel-linux-x86_64-fedora-clang, r-devel-linux-x86_64-fedora-gcc, r-devel-windows-x86_64, r-patched-linux-x86_64, r-release-linux-x86_64, r-release-macos-arm64, r-release-macos-x86_64, r-release-windows-x86_64, r-oldrel-macos-arm64, r-oldrel-macos-x86_64, r-oldrel-windows-ix86+x86_64