CRAN Package Check Results for Package shinyaframe

Last updated on 2023-04-01 22:53:56 CEST.

Flavor Version Tinstall Tcheck Ttotal Status Flags
r-devel-linux-x86_64-debian-clang 1.0.1 2.53 24.59 27.12 NOTE
r-devel-linux-x86_64-debian-gcc 1.0.1 1.86 19.30 21.16 NOTE
r-devel-linux-x86_64-fedora-clang 1.0.1 34.23 NOTE
r-devel-linux-x86_64-fedora-gcc 1.0.1 43.05 NOTE
r-patched-linux-x86_64 1.0.1 2.40 23.81 26.21 NOTE
r-release-linux-x86_64 1.0.1 1.51 25.19 26.70 NOTE
r-release-macos-arm64 1.0.1 17.00 NOTE
r-release-macos-x86_64 1.0.1 29.00 NOTE
r-release-windows-x86_64 1.0.1 20.00 60.00 80.00 NOTE
r-oldrel-macos-arm64 1.0.1 20.00 NOTE
r-oldrel-macos-x86_64 1.0.1 29.00 NOTE
r-oldrel-windows-ix86+x86_64 1.0.1 6.00 53.00 59.00 NOTE

Check Details

Version: 1.0.1
Check: LazyData
Result: NOTE
     'LazyData' is specified without a 'data' directory
Flavors: r-devel-linux-x86_64-debian-clang, r-devel-linux-x86_64-debian-gcc, r-devel-linux-x86_64-fedora-clang, r-devel-linux-x86_64-fedora-gcc, r-patched-linux-x86_64, r-release-linux-x86_64, r-release-macos-arm64, r-release-macos-x86_64, r-release-windows-x86_64, r-oldrel-macos-arm64, r-oldrel-macos-x86_64, r-oldrel-windows-ix86+x86_64

Version: 1.0.1
Check: dependencies in R code
Result: NOTE
    Namespace in Imports field not imported from: ‘shiny’
     All declared Imports should be used.
Flavors: r-devel-linux-x86_64-fedora-clang, r-devel-linux-x86_64-fedora-gcc, r-release-macos-arm64, r-release-macos-x86_64, r-oldrel-macos-arm64, r-oldrel-macos-x86_64