CRAN Package Check Results for Package shinyhelper

Last updated on 2022-01-22 22:52:25 CET.

Flavor Version Tinstall Tcheck Ttotal Status Flags
r-devel-linux-x86_64-debian-clang 0.3.2 2.04 28.95 30.99 OK
r-devel-linux-x86_64-debian-gcc 0.3.2 1.72 22.96 24.68 OK
r-devel-linux-x86_64-fedora-clang 0.3.2 38.32 NOTE
r-devel-linux-x86_64-fedora-gcc 0.3.2 27.81 NOTE
r-devel-windows-x86_64-new-UL 0.3.2 36.00 47.00 83.00 OK
r-devel-windows-x86_64-new-TK NOTE
r-patched-linux-x86_64 0.3.2 1.92 28.17 30.09 OK
r-release-linux-x86_64 0.3.2 2.10 28.58 30.68 OK
r-release-macos-arm64 0.3.2 NOTE
r-release-macos-x86_64 0.3.2 NOTE
r-release-windows-ix86+x86_64 0.3.2 5.00 39.00 44.00 OK
r-oldrel-macos-x86_64 0.3.2 NOTE
r-oldrel-windows-ix86+x86_64 0.3.2 5.00 36.00 41.00 OK

Check Details

Version: 0.3.2
Check: dependencies in R code
Result: NOTE
    Namespace in Imports field not imported from: ‘markdown’
     All declared Imports should be used.
Flavors: r-devel-linux-x86_64-fedora-clang, r-devel-linux-x86_64-fedora-gcc, r-devel-windows-x86_64-new-TK, r-release-macos-arm64, r-release-macos-x86_64, r-oldrel-macos-x86_64