CRAN Package Check Results for Package shinyloadtest

Last updated on 2021-12-03 22:57:55 CET.

Flavor Version Tinstall Tcheck Ttotal Status Flags
r-devel-linux-x86_64-debian-clang 1.1.0 8.76 53.03 61.79 OK
r-devel-linux-x86_64-debian-gcc 1.1.0 6.95 40.48 47.43 OK
r-devel-linux-x86_64-fedora-clang 1.1.0 92.73 NOTE
r-devel-linux-x86_64-fedora-gcc 1.1.0 79.12 NOTE
r-devel-windows-x86_64-new-UL 1.1.0 20.00 94.00 114.00 OK
r-devel-windows-x86_64-new-TK 1.1.0 NOTE
r-devel-windows-x86_64-old 1.1.0 14.00 60.00 74.00 OK
r-patched-linux-x86_64 1.1.0 7.37 49.25 56.62 OK
r-release-linux-x86_64 1.1.0 7.94 49.56 57.50 OK
r-release-macos-arm64 1.1.0 NOTE
r-release-macos-x86_64 1.1.0 NOTE
r-release-windows-ix86+x86_64 1.1.0 19.00 74.00 93.00 OK
r-oldrel-macos-x86_64 1.1.0 NOTE
r-oldrel-windows-ix86+x86_64 1.1.0 18.00 74.00 92.00 OK

Check Details

Version: 1.1.0
Check: dependencies in R code
Result: NOTE
    Namespaces in Imports field not imported from:
     ‘R6’ ‘scales’ ‘websocket’
     All declared Imports should be used.
Flavors: r-devel-linux-x86_64-fedora-clang, r-devel-linux-x86_64-fedora-gcc, r-devel-windows-x86_64-new-TK, r-release-macos-arm64, r-release-macos-x86_64, r-oldrel-macos-x86_64