Last updated on 2022-05-27 22:52:06 CEST.
Flavor | Version | Tinstall | Tcheck | Ttotal | Status | Flags |
---|---|---|---|---|---|---|
r-devel-linux-x86_64-debian-clang | 0.1.0 | 21.17 | 179.56 | 200.73 | OK | |
r-devel-linux-x86_64-debian-gcc | 0.1.0 | 14.73 | 132.58 | 147.31 | OK | |
r-devel-linux-x86_64-fedora-clang | 0.1.0 | 230.47 | NOTE | |||
r-devel-linux-x86_64-fedora-gcc | 0.1.0 | 216.62 | OK | |||
r-devel-windows-x86_64 | 0.1.0 | 110.00 | 183.00 | 293.00 | OK | |
r-patched-linux-x86_64 | 0.1.0 | 15.85 | 165.74 | 181.59 | OK | |
r-release-linux-x86_64 | 0.1.0 | 14.36 | 166.58 | 180.94 | OK | |
r-release-macos-arm64 | 0.1.0 | 75.00 | OK | |||
r-release-macos-x86_64 | 0.1.0 | 108.00 | OK | |||
r-release-windows-x86_64 | 0.1.0 | 77.00 | 199.00 | 276.00 | OK | |
r-oldrel-macos-arm64 | 0.1.0 | 65.00 | OK | |||
r-oldrel-macos-x86_64 | 0.1.0 | 83.00 | OK | |||
r-oldrel-windows-ix86+x86_64 | 0.1.0 | 45.00 | 186.00 | 231.00 | OK |
Version: 0.1.0
Check: Rd cross-references
Result: NOTE
Undeclared package ‘finetune’ in Rd xrefs
Flavor: r-devel-linux-x86_64-fedora-clang