CRAN Package Check Results for Package shinyreforms

Last updated on 2022-05-16 22:52:23 CEST.

Flavor Version Tinstall Tcheck Ttotal Status Flags
r-devel-linux-x86_64-debian-clang 0.0.1 4.80 51.60 56.40 NOTE
r-devel-linux-x86_64-debian-gcc 0.0.1 4.17 40.52 44.69 NOTE
r-devel-linux-x86_64-fedora-clang 0.0.1 69.73 NOTE
r-devel-linux-x86_64-fedora-gcc 0.0.1 69.34 NOTE
r-devel-windows-x86_64 0.0.1 25.00 71.00 96.00 NOTE
r-patched-linux-x86_64 0.0.1 4.56 49.95 54.51 NOTE
r-release-linux-x86_64 0.0.1 3.87 49.60 53.47 NOTE
r-release-macos-arm64 0.0.1 21.00 NOTE
r-release-macos-x86_64 0.0.1 42.00 NOTE
r-release-windows-x86_64 0.0.1 24.00 75.00 99.00 NOTE
r-oldrel-macos-arm64 0.0.1 24.00 NOTE
r-oldrel-macos-x86_64 0.0.1 38.00 NOTE
r-oldrel-windows-ix86+x86_64 0.0.1 13.00 66.00 79.00 NOTE

Check Details

Version: 0.0.1
Check: LazyData
Result: NOTE
     'LazyData' is specified without a 'data' directory
Flavors: r-devel-linux-x86_64-debian-clang, r-devel-linux-x86_64-debian-gcc, r-devel-linux-x86_64-fedora-clang, r-devel-linux-x86_64-fedora-gcc, r-devel-windows-x86_64, r-patched-linux-x86_64, r-release-linux-x86_64, r-release-macos-arm64, r-release-macos-x86_64, r-release-windows-x86_64, r-oldrel-macos-arm64, r-oldrel-macos-x86_64, r-oldrel-windows-ix86+x86_64