CRAN Package Check Results for Package shinyservicebot

Last updated on 2023-03-23 22:52:44 CET.

Flavor Version Tinstall Tcheck Ttotal Status Flags
r-devel-linux-x86_64-debian-clang 0.1.0 2.65 32.10 34.75 NOTE
r-devel-linux-x86_64-debian-gcc 0.1.0 2.20 25.62 27.82 NOTE
r-devel-linux-x86_64-fedora-clang 0.1.0 45.98 NOTE
r-devel-linux-x86_64-fedora-gcc 0.1.0 53.91 NOTE
r-patched-linux-x86_64 0.1.0 2.63 33.09 35.72 NOTE
r-release-linux-x86_64 0.1.0 2.26 32.82 35.08 NOTE
r-release-macos-arm64 0.1.0 18.00 NOTE
r-release-macos-x86_64 0.1.0 35.00 NOTE
r-release-windows-x86_64 0.1.0 6.00 74.00 80.00 NOTE
r-oldrel-macos-arm64 0.1.0 20.00 NOTE
r-oldrel-macos-x86_64 0.1.0 29.00 NOTE
r-oldrel-windows-ix86+x86_64 0.1.0 8.00 57.00 65.00 NOTE

Check Details

Version: 0.1.0
Check: LazyData
Result: NOTE
     'LazyData' is specified without a 'data' directory
Flavors: r-devel-linux-x86_64-debian-clang, r-devel-linux-x86_64-debian-gcc, r-devel-linux-x86_64-fedora-clang, r-devel-linux-x86_64-fedora-gcc, r-patched-linux-x86_64, r-release-linux-x86_64, r-release-macos-arm64, r-release-macos-x86_64, r-release-windows-x86_64, r-oldrel-macos-arm64, r-oldrel-macos-x86_64, r-oldrel-windows-ix86+x86_64