CRAN Package Check Results for Package shinystan

Last updated on 2022-01-20 22:54:17 CET.

Flavor Version Tinstall Tcheck Ttotal Status Flags
r-devel-linux-x86_64-debian-clang 2.5.0 OK
r-devel-linux-x86_64-debian-gcc 2.5.0 10.44 104.48 114.92 OK
r-devel-linux-x86_64-fedora-clang 2.5.0 179.70 NOTE
r-devel-linux-x86_64-fedora-gcc 2.5.0 168.25 OK
r-devel-windows-x86_64-new-UL 2.5.0 365.00 180.00 545.00 OK
r-devel-windows-x86_64-new-TK 2.5.0 OK
r-patched-linux-x86_64 2.5.0 12.47 131.28 143.75 OK
r-release-linux-x86_64 2.5.0 11.68 130.35 142.03 OK
r-release-macos-arm64 2.5.0 OK
r-release-macos-x86_64 2.5.0 OK
r-release-windows-ix86+x86_64 2.5.0 33.00 161.00 194.00 OK
r-oldrel-macos-x86_64 2.5.0 OK
r-oldrel-windows-ix86+x86_64 2.5.0 33.00 161.00 194.00 OK

Check Details

Version: 2.5.0
Check: Rd cross-references
Result: NOTE
    Undeclared package ‘brms’ in Rd xrefs
Flavor: r-devel-linux-x86_64-fedora-clang