CRAN Package Check Results for Package shinytoastr

Last updated on 2022-07-04 22:59:23 CEST.

Flavor Version Tinstall Tcheck Ttotal Status Flags
r-devel-linux-x86_64-debian-clang 2.1.1 3.83 36.12 39.95 NOTE
r-devel-linux-x86_64-debian-gcc 2.1.1 3.08 27.55 30.63 NOTE
r-devel-linux-x86_64-fedora-clang 2.1.1 57.94 NOTE
r-devel-linux-x86_64-fedora-gcc 2.1.1 57.00 NOTE
r-devel-windows-x86_64 2.1.1 17.00 61.00 78.00 NOTE
r-patched-linux-x86_64 2.1.1 3.20 35.00 38.20 NOTE
r-release-linux-x86_64 2.1.1 2.57 34.25 36.82 NOTE
r-release-macos-arm64 2.1.1 16.00 NOTE
r-release-macos-x86_64 2.1.1 35.00 NOTE
r-release-windows-x86_64 2.1.1 19.00 61.00 80.00 NOTE
r-oldrel-macos-arm64 2.1.1 21.00 NOTE
r-oldrel-macos-x86_64 2.1.1 32.00 NOTE
r-oldrel-windows-ix86+x86_64 2.1.1 10.00 54.00 64.00 NOTE

Check Details

Version: 2.1.1
Check: LazyData
Result: NOTE
     'LazyData' is specified without a 'data' directory
Flavors: r-devel-linux-x86_64-debian-clang, r-devel-linux-x86_64-debian-gcc, r-devel-linux-x86_64-fedora-clang, r-devel-linux-x86_64-fedora-gcc, r-devel-windows-x86_64, r-patched-linux-x86_64, r-release-linux-x86_64, r-release-macos-arm64, r-release-macos-x86_64, r-release-windows-x86_64, r-oldrel-macos-arm64, r-oldrel-macos-x86_64, r-oldrel-windows-ix86+x86_64