CRAN Package Check Results for Package showimage

Last updated on 2022-07-04 22:59:23 CEST.

Flavor Version Tinstall Tcheck Ttotal Status Flags
r-devel-linux-x86_64-debian-clang 1.0.0 1.76 24.03 25.79 NOTE
r-devel-linux-x86_64-debian-gcc 1.0.0 1.51 18.33 19.84 NOTE
r-devel-linux-x86_64-fedora-clang 1.0.0 41.99 NOTE
r-devel-linux-x86_64-fedora-gcc 1.0.0 40.36 NOTE
r-devel-windows-x86_64 1.0.0 10.00 48.00 58.00 NOTE
r-patched-linux-x86_64 1.0.0 2.03 23.33 25.36 NOTE
r-release-linux-x86_64 1.0.0 1.89 22.83 24.72 NOTE
r-release-macos-arm64 1.0.0 14.00 NOTE
r-release-macos-x86_64 1.0.0 21.00 NOTE
r-release-windows-x86_64 1.0.0 14.00 47.00 61.00 NOTE
r-oldrel-macos-arm64 1.0.0 24.00 NOTE
r-oldrel-macos-x86_64 1.0.0 28.00 NOTE
r-oldrel-windows-ix86+x86_64 1.0.0 6.00 39.00 45.00 NOTE

Check Details

Version: 1.0.0
Check: LazyData
Result: NOTE
     'LazyData' is specified without a 'data' directory
Flavors: r-devel-linux-x86_64-debian-clang, r-devel-linux-x86_64-debian-gcc, r-devel-linux-x86_64-fedora-clang, r-devel-linux-x86_64-fedora-gcc, r-devel-windows-x86_64, r-patched-linux-x86_64, r-release-linux-x86_64, r-release-macos-arm64, r-release-macos-x86_64, r-release-windows-x86_64, r-oldrel-macos-arm64, r-oldrel-macos-x86_64, r-oldrel-windows-ix86+x86_64