CRAN Package Check Results for Package sigmajs

Last updated on 2022-01-25 22:57:10 CET.

Flavor Version Tinstall Tcheck Ttotal Status Flags
r-devel-linux-x86_64-debian-clang 0.1.5 4.39 63.96 68.35 OK
r-devel-linux-x86_64-debian-gcc 0.1.5 4.34 48.76 53.10 OK
r-devel-linux-x86_64-fedora-clang 0.1.5 82.38 NOTE
r-devel-linux-x86_64-fedora-gcc 0.1.5 71.86 NOTE
r-devel-windows-x86_64-new-UL 0.1.5 309.00 99.00 408.00 OK
r-devel-windows-x86_64-new-TK 0.1.5 NOTE
r-patched-linux-x86_64 0.1.5 5.95 60.02 65.97 OK
r-release-linux-x86_64 0.1.5 4.93 60.13 65.06 OK
r-release-macos-arm64 0.1.5 NOTE
r-release-macos-x86_64 0.1.5 NOTE
r-release-windows-ix86+x86_64 0.1.5 11.00 81.00 92.00 OK
r-oldrel-macos-x86_64 0.1.5 NOTE
r-oldrel-windows-ix86+x86_64 0.1.5 12.00 82.00 94.00 OK

Check Details

Version: 0.1.5
Check: data for non-ASCII characters
Result: NOTE
     Note: found 28 marked UTF-8 strings
Flavors: r-devel-linux-x86_64-fedora-clang, r-devel-linux-x86_64-fedora-gcc, r-devel-windows-x86_64-new-TK, r-release-macos-arm64, r-release-macos-x86_64, r-oldrel-macos-x86_64