CRAN Package Check Results for Package simPH

Last updated on 2024-02-20 23:54:07 CET.

Flavor Version Tinstall Tcheck Ttotal Status Flags
r-devel-linux-x86_64-debian-clang 1.3.13 NOTE
r-devel-linux-x86_64-debian-gcc 1.3.13 12.74 161.16 173.90 NOTE
r-devel-linux-x86_64-fedora-clang 1.3.13 286.94 OK
r-devel-linux-x86_64-fedora-gcc 1.3.13 315.94 OK
r-devel-windows-x86_64 1.3.13 13.00 188.00 201.00 OK
r-patched-linux-x86_64 1.3.13 19.22 206.29 225.51 OK
r-release-linux-x86_64 1.3.13 14.91 208.15 223.06 OK
r-release-macos-arm64 1.3.13 101.00 OK
r-release-macos-x86_64 1.3.13 155.00 OK
r-release-windows-x86_64 1.3.13 18.00 224.00 242.00 OK
r-oldrel-macos-arm64 1.3.13 69.00 OK
r-oldrel-windows-x86_64 1.3.13 20.00 230.00 250.00 OK

Check Details

Version: 1.3.13
Check: Rd files
Result: NOTE checkRd: (-1) coxsimSpline.Rd:93: Lost braces; missing escapes or markup? 93 | {FD(h[i](t)) = (exp(g(x[j]) - g(x[l])) - 1) * 100} | ^ checkRd: (-1) simPH.Rd:16-19: Lost braces in \itemize; meant \describe ? checkRd: (-1) simPH.Rd:20-24: Lost braces in \itemize; meant \describe ? checkRd: (-1) simPH.Rd:25-30: Lost braces in \itemize; meant \describe ? checkRd: (-1) simPH.Rd:31-33: Lost braces in \itemize; meant \describe ? checkRd: (-1) simPH.Rd:34-36: Lost braces in \itemize; meant \describe ? checkRd: (-1) simPH.Rd:44-46: Lost braces in \itemize; meant \describe ? checkRd: (-1) simPH.Rd:47-49: Lost braces in \itemize; meant \describe ? checkRd: (-1) simPH.Rd:50-53: Lost braces in \itemize; meant \describe ? Flavors: r-devel-linux-x86_64-debian-clang, r-devel-linux-x86_64-debian-gcc