CRAN Package Check Results for Package simPop

Last updated on 2021-12-07 22:59:43 CET.

Flavor Version Tinstall Tcheck Ttotal Status Flags
r-devel-linux-x86_64-debian-clang 1.2.1 77.15 190.57 267.72 OK
r-devel-linux-x86_64-debian-gcc 1.2.1 57.91 142.61 200.52 OK
r-devel-linux-x86_64-fedora-clang 1.2.1 349.18 OK
r-devel-linux-x86_64-fedora-gcc 1.2.1 323.81 OK
r-devel-windows-x86_64-new-UL 1.2.1 120.00 264.00 384.00 OK
r-devel-windows-x86_64-new-TK 1.2.1 OK
r-devel-windows-x86_64-old 1.2.1 112.00 171.00 283.00 OK
r-patched-linux-x86_64 1.2.1 68.98 181.18 250.16 OK
r-release-linux-x86_64 1.2.1 69.62 182.44 252.06 OK
r-release-macos-arm64 1.2.1 NOTE
r-release-macos-x86_64 1.2.1 NOTE
r-release-windows-ix86+x86_64 1.2.1 144.00 315.00 459.00 NOTE
r-oldrel-macos-x86_64 1.2.1 NOTE
r-oldrel-windows-ix86+x86_64 1.2.1 197.00 323.00 520.00 NOTE

Check Details

Version: 1.2.1
Check: installed package size
Result: NOTE
     installed size is 5.6Mb
     sub-directories of 1Mb or more:
     data 2.0Mb
     libs 2.7Mb
Flavors: r-release-macos-arm64, r-release-macos-x86_64, r-release-windows-ix86+x86_64, r-oldrel-macos-x86_64, r-oldrel-windows-ix86+x86_64