CRAN Package Check Results for Package simglm

Last updated on 2021-12-05 22:49:05 CET.

Flavor Version Tinstall Tcheck Ttotal Status Flags
r-devel-linux-x86_64-debian-clang 0.8.8 6.18 128.00 134.18 OK
r-devel-linux-x86_64-debian-gcc 0.8.8 5.37 96.42 101.79 OK
r-devel-linux-x86_64-fedora-clang 0.8.8 158.60 NOTE
r-devel-linux-x86_64-fedora-gcc 0.8.8 146.95 NOTE
r-devel-windows-x86_64-new-UL 0.8.8 17.00 175.00 192.00 OK
r-devel-windows-x86_64-new-TK 0.8.8 NOTE
r-devel-windows-x86_64-old 0.8.8 11.00 115.00 126.00 OK
r-patched-linux-x86_64 0.8.8 5.90 115.10 121.00 OK
r-release-linux-x86_64 0.8.8 5.08 122.90 127.98 OK
r-release-macos-arm64 0.8.8 NOTE
r-release-macos-x86_64 0.8.8 NOTE
r-release-windows-ix86+x86_64 0.8.8 16.00 153.00 169.00 OK
r-oldrel-macos-x86_64 0.8.8 NOTE
r-oldrel-windows-ix86+x86_64 0.8.8 17.00 160.00 177.00 OK

Check Details

Version: 0.8.8
Check: dependencies in R code
Result: NOTE
    Namespace in Imports field not imported from: ‘Matrix’
     All declared Imports should be used.
Flavors: r-devel-linux-x86_64-fedora-clang, r-devel-linux-x86_64-fedora-gcc, r-devel-windows-x86_64-new-TK, r-release-macos-arm64, r-release-macos-x86_64, r-oldrel-macos-x86_64