CRAN Package Check Results for Package simmer

Last updated on 2021-12-06 21:51:28 CET.

Flavor Version Tinstall Tcheck Ttotal Status Flags
r-devel-linux-x86_64-debian-clang 4.4.3 139.61 111.36 250.97 OK
r-devel-linux-x86_64-debian-gcc 4.4.3 106.23 84.38 190.61 OK
r-devel-linux-x86_64-fedora-clang 4.4.3 327.07 NOTE
r-devel-linux-x86_64-fedora-gcc 4.4.3 317.23 OK
r-devel-windows-x86_64-new-UL 4.4.3 181.00 261.00 442.00 OK
r-devel-windows-x86_64-new-TK 4.4.3 OK
r-devel-windows-x86_64-old 4.4.3 157.00 117.00 274.00 OK
r-patched-linux-x86_64 4.4.3 135.79 109.09 244.88 OK
r-release-linux-x86_64 4.4.3 138.25 117.79 256.04 OK
r-release-macos-arm64 4.4.3 NOTE
r-release-macos-x86_64 4.4.3 NOTE
r-release-windows-ix86+x86_64 4.4.3 318.00 190.00 508.00 NOTE
r-oldrel-macos-x86_64 4.4.3 NOTE
r-oldrel-windows-ix86+x86_64 4.4.3 315.00 189.00 504.00 NOTE

Check Details

Version: 4.4.3
Check: installed package size
Result: NOTE
     installed size is 12.3Mb
     sub-directories of 1Mb or more:
     doc 1.7Mb
     libs 10.1Mb
Flavors: r-devel-linux-x86_64-fedora-clang, r-release-macos-arm64, r-release-macos-x86_64, r-release-windows-ix86+x86_64, r-oldrel-macos-x86_64, r-oldrel-windows-ix86+x86_64