CRAN Package Check Results for Package simodels

Last updated on 2023-06-02 23:03:33 CEST.

Flavor Version Tinstall Tcheck Ttotal Status Flags
r-devel-linux-x86_64-debian-clang 0.0.5 3.69 93.23 96.92 OK
r-devel-linux-x86_64-debian-gcc 0.0.5 2.75 73.52 76.27 OK
r-devel-linux-x86_64-fedora-clang 0.0.5 120.53 NOTE
r-devel-linux-x86_64-fedora-gcc 0.0.5 133.24 NOTE
r-devel-windows-x86_64 0.0.5 8.00 91.00 99.00 OK
r-patched-linux-x86_64 0.0.5 OK
r-release-linux-x86_64 0.0.5 2.61 90.24 92.85 OK
r-release-macos-arm64 0.0.5 53.00 OK
r-release-macos-x86_64 0.0.5 84.00 OK
r-release-windows-x86_64 0.0.5 6.00 110.00 116.00 OK
r-oldrel-macos-arm64 0.0.5 42.00 NOTE
r-oldrel-macos-x86_64 0.0.5 56.00 NOTE
r-oldrel-windows-x86_64 0.0.5 6.00 119.00 125.00 OK

Check Details

Version: 0.0.5
Check: data for non-ASCII characters
Result: NOTE
     Note: found 1 marked UTF-8 string
Flavors: r-devel-linux-x86_64-fedora-clang, r-devel-linux-x86_64-fedora-gcc, r-oldrel-macos-arm64, r-oldrel-macos-x86_64