CRAN Package Check Results for Package simplevis

Last updated on 2021-11-29 22:59:25 CET.

Flavor Version Tinstall Tcheck Ttotal Status Flags
r-devel-linux-x86_64-debian-clang 5.0.0 19.04 211.56 230.60 OK
r-devel-linux-x86_64-debian-gcc 5.0.0 14.31 154.39 168.70 OK
r-devel-linux-x86_64-fedora-clang 5.0.0 281.34 OK
r-devel-linux-x86_64-fedora-gcc 5.0.0 268.47 OK
r-devel-windows-x86_64-new-UL 5.0.0 36.00 277.00 313.00 OK
r-devel-windows-x86_64-new-TK 5.0.0 OK
r-devel-windows-x86_64-old 5.0.0 27.00 200.00 227.00 OK
r-patched-linux-x86_64 5.0.0 17.60 193.90 211.50 OK
r-patched-solaris-x86 5.0.0 324.70 WARN
r-release-linux-x86_64 5.0.0 13.79 195.82 209.61 OK
r-release-macos-arm64 5.0.0 OK
r-release-macos-x86_64 5.0.0 OK
r-release-windows-ix86+x86_64 5.0.0 34.00 183.00 217.00 OK
r-oldrel-macos-x86_64 5.0.0 OK
r-oldrel-windows-ix86+x86_64 5.0.0 22.00 186.00 208.00 OK

Check Details

Version: 5.0.0
Check: installed package size
Result: NOTE
     installed size is 5.3Mb
     sub-directories of 1Mb or more:
     data 1.3Mb
     doc 2.8Mb
Flavor: r-patched-solaris-x86

Version: 5.0.0
Check: re-building of vignette outputs
Result: WARN
    Error(s) in re-building vignettes:
     ...
    --- re-building ‘simplevis.Rmd’ using rmarkdown
    Pandoc is required to build R Markdown vignettes but not available. Please make sure it is installed.
    
    Attaching package: 'dplyr'
    
    The following objects are masked from 'package:stats':
    
     filter, lag
    
    The following objects are masked from 'package:base':
    
     intersect, setdiff, setequal, union
    
    `summarise()` has grouped output by 'species'. You can override using the `.groups` argument.
    Warning: Removed 2 rows containing non-finite values (stat_density).
    Loading required package: abind
    Loading required package: sf
    Linking to GEOS 3.10.1, GDAL 2.4.4, PROJ 5.2.0
    Coordinate system already present. Adding new coordinate system, which will replace the existing one.
    Warning: Removed 355767 rows containing missing values (geom_raster).
    Warning: Removed 2 rows containing missing values (geom_point).
    Warning: Removed 2 rows containing missing values (geom_point).
    Warning: Removed 2 rows containing missing values (geom_point).
    Warning: Removed 2 rows containing missing values (geom_point).
    Warning: Removed 2 rows containing missing values (geom_point).
    Warning: Removed 2 rows containing missing values (geom_point).
    `summarise()` has grouped output by 'year'. You can override using the `.groups` argument.
    `summarise()` has grouped output by 'sex'. You can override using the `.groups` argument.
    Coordinate system already present. Adding new coordinate system, which will replace the existing one.
    Warning: Removed 355767 rows containing missing values (geom_raster).
    Quitting from lines 330-332 (simplevis.Rmd)
    Error: processing vignette 'simplevis.Rmd' failed with diagnostics:
    there is no package called 'webshot'
    --- failed re-building ‘simplevis.Rmd’
    
    SUMMARY: processing the following file failed:
     ‘simplevis.Rmd’
    
    Error: Vignette re-building failed.
    Execution halted
Flavor: r-patched-solaris-x86