Last updated on 2022-06-29 23:09:43 CEST.
Flavor | Version | Tinstall | Tcheck | Ttotal | Status | Flags |
---|---|---|---|---|---|---|
r-devel-linux-x86_64-debian-clang | 0.0.3 | 5.25 | 59.66 | 64.91 | OK | |
r-devel-linux-x86_64-debian-gcc | 0.0.3 | 3.62 | 45.33 | 48.95 | OK | |
r-devel-linux-x86_64-fedora-clang | 0.0.3 | 85.99 | OK | |||
r-devel-linux-x86_64-fedora-gcc | 0.0.3 | 85.81 | OK | |||
r-devel-windows-x86_64 | 0.0.3 | 20.00 | 108.00 | 128.00 | OK | |
r-patched-linux-x86_64 | 0.0.3 | 5.12 | 57.11 | 62.23 | OK | |
r-release-linux-x86_64 | 0.0.3 | 4.12 | 56.90 | 61.02 | OK | |
r-release-macos-arm64 | 0.0.3 | 26.00 | OK | |||
r-release-macos-x86_64 | 0.0.3 | 40.00 | NOTE | |||
r-release-windows-x86_64 | 0.0.3 | 16.00 | 104.00 | 120.00 | OK | |
r-oldrel-macos-arm64 | 0.0.3 | 34.00 | OK | |||
r-oldrel-macos-x86_64 | 0.0.3 | 42.00 | OK | |||
r-oldrel-windows-ix86+x86_64 | 0.0.3 | 11.00 | 96.00 | 107.00 | OK |
Version: 0.0.3
Check: package dependencies
Result: NOTE
Package suggested but not available for checking: ‘rjags’
Flavor: r-release-macos-x86_64