CRAN Package Check Results for Package sirus

Last updated on 2024-02-26 23:03:53 CET.

Flavor Version Tinstall Tcheck Ttotal Status Flags
r-devel-linux-x86_64-debian-clang 0.3.3 111.26 130.77 242.03 NOTE
r-devel-linux-x86_64-debian-gcc 0.3.3 93.14 97.18 190.32 NOTE
r-devel-linux-x86_64-fedora-clang 0.3.3 349.62 NOTE
r-devel-linux-x86_64-fedora-gcc 0.3.3 346.44 NOTE
r-devel-windows-x86_64 0.3.3 89.00 131.00 220.00 NOTE
r-patched-linux-x86_64 0.3.3 116.97 127.40 244.37 NOTE
r-release-linux-x86_64 0.3.3 115.13 129.04 244.17 NOTE
r-release-macos-arm64 0.3.3 99.00 NOTE
r-release-macos-x86_64 0.3.3 149.00 NOTE
r-release-windows-x86_64 0.3.3 116.00 159.00 275.00 NOTE
r-oldrel-macos-arm64 0.3.3 82.00 NOTE
r-oldrel-windows-x86_64 0.3.3 109.00 153.00 262.00 OK

Check Details

Version: 0.3.3
Check: C++ specification
Result: NOTE Specified C++11: please drop specification unless essential Flavors: r-devel-linux-x86_64-debian-clang, r-devel-linux-x86_64-debian-gcc, r-devel-linux-x86_64-fedora-clang, r-devel-linux-x86_64-fedora-gcc, r-devel-windows-x86_64, r-patched-linux-x86_64, r-release-linux-x86_64, r-release-macos-arm64, r-release-macos-x86_64, r-release-windows-x86_64

Version: 0.3.3
Check: installed package size
Result: NOTE installed size is 7.8Mb sub-directories of 1Mb or more: libs 7.5Mb Flavors: r-release-macos-arm64, r-release-macos-x86_64, r-oldrel-macos-arm64