CRAN Package Check Results for Package sismonr

Last updated on 2022-01-23 22:49:55 CET.

Flavor Version Tinstall Tcheck Ttotal Status Flags
r-devel-linux-x86_64-debian-clang 2.1.0 7.94 81.74 89.68 NOTE
r-devel-linux-x86_64-debian-gcc 2.1.0 7.51 69.28 76.79 NOTE
r-devel-linux-x86_64-fedora-clang 2.1.0 110.24 NOTE
r-devel-linux-x86_64-fedora-gcc 2.1.0 96.16 NOTE
r-devel-windows-x86_64-new-UL 2.1.0 42.00 125.00 167.00 NOTE
r-devel-windows-x86_64-new-TK 2.1.0 ERROR
r-patched-linux-x86_64 2.1.0 9.35 78.98 88.33 NOTE
r-release-linux-x86_64 2.1.0 8.64 76.67 85.31 NOTE
r-release-macos-arm64 2.1.0 NOTE
r-release-macos-x86_64 2.1.0 NOTE
r-release-windows-ix86+x86_64 2.1.0 26.00 142.00 168.00 NOTE
r-oldrel-macos-x86_64 2.1.0 OK
r-oldrel-windows-ix86+x86_64 2.1.0 26.00 133.00 159.00 OK

Check Details

Version: 2.1.0
Check: LazyData
Result: NOTE
     'LazyData' is specified without a 'data' directory
Flavors: r-devel-linux-x86_64-debian-clang, r-devel-linux-x86_64-debian-gcc, r-devel-linux-x86_64-fedora-clang, r-devel-linux-x86_64-fedora-gcc, r-devel-windows-x86_64-new-UL, r-patched-linux-x86_64, r-release-linux-x86_64, r-release-macos-arm64, r-release-macos-x86_64, r-release-windows-ix86+x86_64

Version: 2.1.0
Check: package dependencies
Result: ERROR
    Package required but not available: 'ggpubr'
    
    See section 'The DESCRIPTION file' in the 'Writing R Extensions'
    manual.
Flavor: r-devel-windows-x86_64-new-TK