CRAN Package Check Results for Package siteymlgen

Last updated on 2022-05-17 22:51:39 CEST.

Flavor Version Tinstall Tcheck Ttotal Status Flags
r-devel-linux-x86_64-debian-clang 1.0.0 2.11 37.32 39.43 NOTE
r-devel-linux-x86_64-debian-gcc 1.0.0 1.43 28.58 30.01 NOTE
r-devel-linux-x86_64-fedora-clang 1.0.0 47.73 NOTE
r-devel-linux-x86_64-fedora-gcc 1.0.0 46.97 NOTE
r-devel-windows-x86_64 1.0.0 14.00 61.00 75.00 NOTE
r-patched-linux-x86_64 1.0.0 1.86 35.57 37.43 NOTE
r-release-linux-x86_64 1.0.0 1.99 35.59 37.58 NOTE
r-release-macos-arm64 1.0.0 18.00 NOTE
r-release-macos-x86_64 1.0.0 29.00 NOTE
r-release-windows-x86_64 1.0.0 17.00 65.00 82.00 NOTE
r-oldrel-macos-arm64 1.0.0 22.00 NOTE
r-oldrel-macos-x86_64 1.0.0 29.00 NOTE
r-oldrel-windows-ix86+x86_64 1.0.0 7.00 58.00 65.00 NOTE

Check Details

Version: 1.0.0
Check: LazyData
Result: NOTE
     'LazyData' is specified without a 'data' directory
Flavors: r-devel-linux-x86_64-debian-clang, r-devel-linux-x86_64-debian-gcc, r-devel-linux-x86_64-fedora-clang, r-devel-linux-x86_64-fedora-gcc, r-devel-windows-x86_64, r-patched-linux-x86_64, r-release-linux-x86_64, r-release-macos-arm64, r-release-macos-x86_64, r-release-windows-x86_64, r-oldrel-macos-arm64, r-oldrel-macos-x86_64, r-oldrel-windows-ix86+x86_64

Version: 1.0.0
Check: dependencies in R code
Result: NOTE
    Namespaces in Imports field not imported from:
     ‘data.table’ ‘dplyr’ ‘lubridate’ ‘rmarkdown’ ‘yaml’
     All declared Imports should be used.
Flavors: r-devel-linux-x86_64-fedora-clang, r-devel-linux-x86_64-fedora-gcc, r-release-macos-arm64, r-release-macos-x86_64, r-oldrel-macos-arm64, r-oldrel-macos-x86_64