CRAN Package Check Results for Package sjPlot

Last updated on 2021-11-27 22:57:11 CET.

Flavor Version Tinstall Tcheck Ttotal Status Flags
r-devel-linux-x86_64-debian-clang 2.8.9 ERROR
r-devel-linux-x86_64-debian-gcc 2.8.10 20.01 421.66 441.67 OK
r-devel-linux-x86_64-fedora-clang 2.8.9 718.43 ERROR
r-devel-linux-x86_64-fedora-gcc 2.8.10 728.74 OK
r-devel-windows-x86_64-new-UL 2.8.9 49.00 770.00 819.00 ERROR
r-devel-windows-x86_64-new-TK 2.8.9 OK
r-devel-windows-x86_64-old 2.8.10 42.00 659.00 701.00 OK
r-patched-linux-x86_64 2.8.9 25.15 376.27 401.42 ERROR
r-patched-solaris-x86 2.8.10 822.70 NOTE
r-release-linux-x86_64 2.8.9 ERROR
r-release-macos-arm64 2.8.10 OK
r-release-macos-x86_64 2.8.9 OK
r-release-windows-ix86+x86_64 2.8.9 51.00 465.00 516.00 ERROR
r-oldrel-macos-x86_64 2.8.9 OK
r-oldrel-windows-ix86+x86_64 2.8.9 53.00 722.00 775.00 OK

Check Details

Version: 2.8.9
Check: tests
Result: ERROR
     Running 'testthat.R' [8s/10s]
    Running the tests in 'tests/testthat.R' failed.
    Complete output:
     > library(testthat)
     > library(sjPlot)
     Learn more about sjPlot with 'browseVignettes("sjPlot")'.
     >
     > if (length(strsplit(packageDescription("sjPlot")$Version, "\\.")[[1]]) > 3) {
     + Sys.setenv("RunAllsjPlotTests" = "yes")
     + }
     >
     > test_check("sjPlot")
     == Failed tests ================================================================
     -- Error (test-plot_model_std.R:15:3): (code run outside of `test_that()`) -----
     Error in `set_labels_helper(x = .dat, labels = labels, force.labels = force.labels,
     force.values = force.values, drop.na = drop.na, var.name = NULL)`: Package 'haven' required for this function. Please install it.
     Backtrace:
     x
     1. +-sjlabelled::to_factor(efc, e42dep, c172code, c161sex) test-plot_model_std.R:15:2
     2. \-sjlabelled:::as_factor.data.frame(efc, e42dep, c172code, c161sex)
     3. \-sjlabelled:::to_fac_helper(.dat[[i]], add.non.labelled)
     4. +-base::suppressMessages(...)
     5. | \-base::withCallingHandlers(...)
     6. \-sjlabelled::set_labels(...)
     7. \-sjlabelled:::set_labels_helper(...)
    
     [ FAIL 1 | WARN 45 | SKIP 0 | PASS 2 ]
     Error: Test failures
     Execution halted
Flavor: r-devel-linux-x86_64-debian-clang

Version: 2.8.9
Check: tests
Result: ERROR
     Running ‘testthat.R’ [11s/33s]
    Running the tests in ‘tests/testthat.R’ failed.
    Complete output:
     > library(testthat)
     > library(sjPlot)
     Learn more about sjPlot with 'browseVignettes("sjPlot")'.
     >
     > if (length(strsplit(packageDescription("sjPlot")$Version, "\\.")[[1]]) > 3) {
     + Sys.setenv("RunAllsjPlotTests" = "yes")
     + }
     >
     > test_check("sjPlot")
     ══ Failed tests ════════════════════════════════════════════════════════════════
     ── Error (test-plot_model_std.R:15:3): (code run outside of `test_that()`) ─────
     Error in `set_labels_helper(x = .dat, labels = labels, force.labels = force.labels,
     force.values = force.values, drop.na = drop.na, var.name = NULL)`: Package 'haven' required for this function. Please install it.
     Backtrace:
     █
     1. ├─sjlabelled::to_factor(efc, e42dep, c172code, c161sex) test-plot_model_std.R:15:2
     2. └─sjlabelled:::as_factor.data.frame(efc, e42dep, c172code, c161sex)
     3. └─sjlabelled:::to_fac_helper(.dat[[i]], add.non.labelled)
     4. ├─base::suppressMessages(...)
     5. │ └─base::withCallingHandlers(...)
     6. └─sjlabelled::set_labels(...)
     7. └─sjlabelled:::set_labels_helper(...)
    
     [ FAIL 1 | WARN 45 | SKIP 0 | PASS 2 ]
     Error: Test failures
     Execution halted
Flavor: r-devel-linux-x86_64-fedora-clang

Version: 2.8.9
Check: tests
Result: ERROR
     Running 'testthat.R' [10s]
    Running the tests in 'tests/testthat.R' failed.
    Complete output:
     > library(testthat)
     > library(sjPlot)
     >
     > if (length(strsplit(packageDescription("sjPlot")$Version, "\\.")[[1]]) > 3) {
     + Sys.setenv("RunAllsjPlotTests" = "yes")
     + }
     >
     > test_check("sjPlot")
     ══ Failed tests ════════════════════════════════════════════════════════════════
     ── Error (test-plot_model_std.R:15:3): (code run outside of `test_that()`) ─────
     Error in `set_labels_helper(x = .dat, labels = labels, force.labels = force.labels,
     force.values = force.values, drop.na = drop.na, var.name = NULL)`: Package 'haven' required for this function. Please install it.
     Backtrace:
     █
     1. ├─sjlabelled::to_factor(efc, e42dep, c172code, c161sex) test-plot_model_std.R:15:2
     2. └─sjlabelled:::as_factor.data.frame(efc, e42dep, c172code, c161sex)
     3. └─sjlabelled:::to_fac_helper(.dat[[i]], add.non.labelled)
     4. ├─base::suppressMessages(...)
     5. │ └─base::withCallingHandlers(...)
     6. └─sjlabelled::set_labels(...)
     7. └─sjlabelled:::set_labels_helper(...)
    
     [ FAIL 1 | WARN 45 | SKIP 0 | PASS 2 ]
     Error: Test failures
     Execution halted
Flavor: r-devel-windows-x86_64-new-UL

Version: 2.8.9
Check: examples
Result: ERROR
    Running examples in ‘sjPlot-Ex.R’ failed
    The error most likely occurred in:
    
    > base::assign(".ptime", proc.time(), pos = "CheckExEnv")
    > ### Name: plot_gpt
    > ### Title: Plot grouped proportional tables
    > ### Aliases: plot_gpt
    >
    > ### ** Examples
    >
    > data(efc)
    >
    > # the proportion of dependency levels in female
    > # elderly, for each family carer's relationship
    > # to elderly
    > plot_gpt(efc, e42dep, e16sex, e15relat)
    Error in set_labels_helper(x = .dat, labels = labels, force.labels = force.labels, :
     Package 'haven' required for this function. Please install it.
    Calls: plot_gpt ... withCallingHandlers -> set_labels -> set_labels_helper
    Execution halted
Flavors: r-patched-linux-x86_64, r-release-linux-x86_64

Version: 2.8.9
Check: tests
Result: ERROR
     Running ‘testthat.R’ [8s/9s]
    Running the tests in ‘tests/testthat.R’ failed.
    Complete output:
     > library(testthat)
     > library(sjPlot)
     #refugeeswelcome
     >
     > if (length(strsplit(packageDescription("sjPlot")$Version, "\\.")[[1]]) > 3) {
     + Sys.setenv("RunAllsjPlotTests" = "yes")
     + }
     >
     > test_check("sjPlot")
     ══ Failed tests ════════════════════════════════════════════════════════════════
     ── Error (test-plot_model_std.R:15:3): (code run outside of `test_that()`) ─────
     Error in `set_labels_helper(x = .dat, labels = labels, force.labels = force.labels,
     force.values = force.values, drop.na = drop.na, var.name = NULL)`: Package 'haven' required for this function. Please install it.
     Backtrace:
     █
     1. ├─sjlabelled::to_factor(efc, e42dep, c172code, c161sex) test-plot_model_std.R:15:2
     2. └─sjlabelled:::as_factor.data.frame(efc, e42dep, c172code, c161sex)
     3. └─sjlabelled:::to_fac_helper(.dat[[i]], add.non.labelled)
     4. ├─base::suppressMessages(...)
     5. │ └─base::withCallingHandlers(...)
     6. └─sjlabelled::set_labels(...)
     7. └─sjlabelled:::set_labels_helper(...)
    
     [ FAIL 1 | WARN 45 | SKIP 0 | PASS 2 ]
     Error: Test failures
     Execution halted
Flavor: r-patched-linux-x86_64

Version: 2.8.9
Check: re-building of vignette outputs
Result: WARN
    Error(s) in re-building vignettes:
     ...
    --- re-building ‘blackwhitefigures.Rmd’ using rmarkdown
    
    Attaching package: 'ggplot2'
    
    The following object is masked from 'package:sjlabelled':
    
     as_label
    
    Warning: `guides(<scale> = FALSE)` is deprecated. Please use `guides(<scale> = "none")` instead.
    Quitting from lines 36-62 (blackwhitefigures.Rmd)
    Error: processing vignette 'blackwhitefigures.Rmd' failed with diagnostics:
    Package 'haven' required for this function. Please install it.
    --- failed re-building ‘blackwhitefigures.Rmd’
    
    --- re-building ‘custplot.Rmd’ using rmarkdown
    Learn more about sjmisc with 'browseVignettes("sjmisc")'.
    Warning: `guides(<scale> = FALSE)` is deprecated. Please use `guides(<scale> = "none")` instead.
    Warning: `guides(<scale> = FALSE)` is deprecated. Please use `guides(<scale> = "none")` instead.
    Warning: `guides(<scale> = FALSE)` is deprecated. Please use `guides(<scale> = "none")` instead.
    Warning: `guides(<scale> = FALSE)` is deprecated. Please use `guides(<scale> = "none")` instead.
    Warning: `guides(<scale> = FALSE)` is deprecated. Please use `guides(<scale> = "none")` instead.
    Quitting from lines 130-145 (custplot.Rmd)
    Error: processing vignette 'custplot.Rmd' failed with diagnostics:
    Package 'haven' required for this function. Please install it.
    --- failed re-building ‘custplot.Rmd’
    
    --- re-building ‘plot_interactions.Rmd’ using rmarkdown
    Learn more about sjPlot with 'browseVignettes("sjPlot")'.
    Quitting from lines 39-52 (plot_interactions.Rmd)
    Error: processing vignette 'plot_interactions.Rmd' failed with diagnostics:
    Package 'haven' required for this function. Please install it.
    --- failed re-building ‘plot_interactions.Rmd’
    
    --- re-building ‘plot_likert_scales.Rmd’ using rmarkdown
    
    Attaching package: 'dplyr'
    
    The following objects are masked from 'package:stats':
    
     filter, lag
    
    The following objects are masked from 'package:base':
    
     intersect, setdiff, setequal, union
    
    
    Attaching package: 'parameters'
    
    The following object is masked from 'package:sjmisc':
    
     center
    
    Warning: `guides(<scale> = FALSE)` is deprecated. Please use `guides(<scale> = "none")` instead.
    Warning: `guides(<scale> = FALSE)` is deprecated. Please use `guides(<scale> = "none")` instead.
    Warning: `guides(<scale> = FALSE)` is deprecated. Please use `guides(<scale> = "none")` instead.
    Warning: `guides(<scale> = FALSE)` is deprecated. Please use `guides(<scale> = "none")` instead.
    Warning: `guides(<scale> = FALSE)` is deprecated. Please use `guides(<scale> = "none")` instead.
    Warning: `guides(<scale> = FALSE)` is deprecated. Please use `guides(<scale> = "none")` instead.
    Warning: `guides(<scale> = FALSE)` is deprecated. Please use `guides(<scale> = "none")` instead.
    Warning: `guides(<scale> = FALSE)` is deprecated. Please use `guides(<scale> = "none")` instead.
    Warning: `guides(<scale> = FALSE)` is deprecated. Please use `guides(<scale> = "none")` instead.
    Warning: `guides(<scale> = FALSE)` is deprecated. Please use `guides(<scale> = "none")` instead.
    Warning: `guides(<scale> = FALSE)` is deprecated. Please use `guides(<scale> = "none")` instead.
    Warning: `guides(<scale> = FALSE)` is deprecated. Please use `guides(<scale> = "none")` instead.
    --- finished re-building ‘plot_likert_scales.Rmd’
    
    --- re-building ‘plot_marginal_effects.Rmd’ using rmarkdown
    Learn more about sjPlot with 'browseVignettes("sjPlot")'.
    Quitting from lines 69-70 (plot_marginal_effects.Rmd)
    Error: processing vignette 'plot_marginal_effects.Rmd' failed with diagnostics:
    Package 'haven' required for this function. Please install it.
    --- failed re-building ‘plot_marginal_effects.Rmd’
    
    --- re-building ‘plot_model_estimates.Rmd’ using rmarkdown
    
    Attaching package: 'ggplot2'
    
    The following object is masked from 'package:sjlabelled':
    
     as_label
    
    Quitting from lines 45-62 (plot_model_estimates.Rmd)
    Error: processing vignette 'plot_model_estimates.Rmd' failed with diagnostics:
    Package 'haven' required for this function. Please install it.
    --- failed re-building ‘plot_model_estimates.Rmd’
    
    --- re-building ‘sjtitemanalysis.Rmd’ using rmarkdown
    Install package "strengejacke" from GitHub (`devtools::install_github("strengejacke/strengejacke")`) to load all sj-packages at once!
    
    Attaching package: 'dplyr'
    
    The following objects are masked from 'package:stats':
    
     filter, lag
    
    The following objects are masked from 'package:base':
    
     intersect, setdiff, setequal, union
    
    --- finished re-building ‘sjtitemanalysis.Rmd’
    
    --- re-building ‘tab_bayes.Rmd’ using rmarkdown
    Loading required package: Rcpp
    Loading 'brms' package (version 2.16.3). Useful instructions
    can be found by typing help('brms'). A more detailed introduction
    to the package is available through vignette('brms_overview').
    
    Attaching package: 'brms'
    
    The following object is masked from 'package:stats':
    
     ar
    
    --- finished re-building ‘tab_bayes.Rmd’
    
    --- re-building ‘tab_mixed.Rmd’ using rmarkdown
    Loading required package: Matrix
    Argument 'df_method' is deprecated. Please use 'ci_method' instead.
    Argument 'df_method' is deprecated. Please use 'ci_method' instead.
    Argument 'df_method' is deprecated. Please use 'ci_method' instead.
    Argument 'df_method' is deprecated. Please use 'ci_method' instead.
    Argument 'df_method' is deprecated. Please use 'ci_method' instead.
    Argument 'df_method' is deprecated. Please use 'ci_method' instead.
    Argument 'df_method' is deprecated. Please use 'ci_method' instead.
    Argument 'df_method' is deprecated. Please use 'ci_method' instead.
    --- finished re-building ‘tab_mixed.Rmd’
    
    --- re-building ‘tab_model_estimates.Rmd’ using rmarkdown
    Quitting from lines 37-45 (tab_model_estimates.Rmd)
    Error: processing vignette 'tab_model_estimates.Rmd' failed with diagnostics:
    Package 'haven' required for this function. Please install it.
    --- failed re-building ‘tab_model_estimates.Rmd’
    
    --- re-building ‘tab_model_robust.Rmd’ using rmarkdown
    
    Attaching package: 'dplyr'
    
    The following objects are masked from 'package:stats':
    
     filter, lag
    
    The following objects are masked from 'package:base':
    
     intersect, setdiff, setequal, union
    
    Argument 'df_method' is deprecated. Please use 'ci_method' instead.
    Argument 'df_method' is deprecated. Please use 'ci_method' instead.
    Argument 'df_method' is deprecated. Please use 'ci_method' instead.
    Argument 'df_method' is deprecated. Please use 'ci_method' instead.
    Argument 'df_method' is deprecated. Please use 'ci_method' instead.
    Argument 'df_method' is deprecated. Please use 'ci_method' instead.
    Loading required package: Matrix
    Argument 'df_method' is deprecated. Please use 'ci_method' instead.
    Argument 'df_method' is deprecated. Please use 'ci_method' instead.
    Argument 'df_method' is deprecated. Please use 'ci_method' instead.
    Argument 'df_method' is deprecated. Please use 'ci_method' instead.
    --- finished re-building ‘tab_model_robust.Rmd’
    
    --- re-building ‘table_css.Rmd’ using rmarkdown
    Argument 'df_method' is deprecated. Please use 'ci_method' instead.
    Argument 'df_method' is deprecated. Please use 'ci_method' instead.
    Argument 'df_method' is deprecated. Please use 'ci_method' instead.
    Argument 'df_method' is deprecated. Please use 'ci_method' instead.
    --- finished re-building ‘table_css.Rmd’
    
    SUMMARY: processing the following files failed:
     ‘blackwhitefigures.Rmd’ ‘custplot.Rmd’ ‘plot_interactions.Rmd’
     ‘plot_marginal_effects.Rmd’ ‘plot_model_estimates.Rmd’
     ‘tab_model_estimates.Rmd’
    
    Error: Vignette re-building failed.
    Execution halted
Flavor: r-patched-linux-x86_64

Version: 2.8.10
Check: package dependencies
Result: NOTE
    Package suggested but not available for checking: ‘glmmTMB’
Flavor: r-patched-solaris-x86

Version: 2.8.9
Check: tests
Result: ERROR
     Running ‘testthat.R’ [8s/9s]
    Running the tests in ‘tests/testthat.R’ failed.
    Complete output:
     > library(testthat)
     > library(sjPlot)
     >
     > if (length(strsplit(packageDescription("sjPlot")$Version, "\\.")[[1]]) > 3) {
     + Sys.setenv("RunAllsjPlotTests" = "yes")
     + }
     >
     > test_check("sjPlot")
     ══ Failed tests ════════════════════════════════════════════════════════════════
     ── Error (test-plot_model_std.R:15:3): (code run outside of `test_that()`) ─────
     Error in `set_labels_helper(x = .dat, labels = labels, force.labels = force.labels,
     force.values = force.values, drop.na = drop.na, var.name = NULL)`: Package 'haven' required for this function. Please install it.
     Backtrace:
     █
     1. ├─sjlabelled::to_factor(efc, e42dep, c172code, c161sex) test-plot_model_std.R:15:2
     2. └─sjlabelled:::as_factor.data.frame(efc, e42dep, c172code, c161sex)
     3. └─sjlabelled:::to_fac_helper(.dat[[i]], add.non.labelled)
     4. ├─base::suppressMessages(...)
     5. │ └─base::withCallingHandlers(...)
     6. └─sjlabelled::set_labels(...)
     7. └─sjlabelled:::set_labels_helper(...)
    
     [ FAIL 1 | WARN 45 | SKIP 0 | PASS 2 ]
     Error: Test failures
     Execution halted
Flavor: r-release-linux-x86_64

Version: 2.8.9
Check: re-building of vignette outputs
Result: WARN
    Error(s) in re-building vignettes:
     ...
    --- re-building ‘blackwhitefigures.Rmd’ using rmarkdown
    
    Attaching package: 'ggplot2'
    
    The following object is masked from 'package:sjlabelled':
    
     as_label
    
    Warning: `guides(<scale> = FALSE)` is deprecated. Please use `guides(<scale> = "none")` instead.
    Quitting from lines 36-62 (blackwhitefigures.Rmd)
    Error: processing vignette 'blackwhitefigures.Rmd' failed with diagnostics:
    Package 'haven' required for this function. Please install it.
    --- failed re-building ‘blackwhitefigures.Rmd’
    
    --- re-building ‘custplot.Rmd’ using rmarkdown
    Warning: `guides(<scale> = FALSE)` is deprecated. Please use `guides(<scale> = "none")` instead.
    Warning: `guides(<scale> = FALSE)` is deprecated. Please use `guides(<scale> = "none")` instead.
    Warning: `guides(<scale> = FALSE)` is deprecated. Please use `guides(<scale> = "none")` instead.
    Warning: `guides(<scale> = FALSE)` is deprecated. Please use `guides(<scale> = "none")` instead.
    Warning: `guides(<scale> = FALSE)` is deprecated. Please use `guides(<scale> = "none")` instead.
    Quitting from lines 130-145 (custplot.Rmd)
    Error: processing vignette 'custplot.Rmd' failed with diagnostics:
    Package 'haven' required for this function. Please install it.
    --- failed re-building ‘custplot.Rmd’
    
    --- re-building ‘plot_interactions.Rmd’ using rmarkdown
    Learn more about sjPlot with 'browseVignettes("sjPlot")'.
    Quitting from lines 39-52 (plot_interactions.Rmd)
    Error: processing vignette 'plot_interactions.Rmd' failed with diagnostics:
    Package 'haven' required for this function. Please install it.
    --- failed re-building ‘plot_interactions.Rmd’
    
    --- re-building ‘plot_likert_scales.Rmd’ using rmarkdown
    
    Attaching package: 'dplyr'
    
    The following objects are masked from 'package:stats':
    
     filter, lag
    
    The following objects are masked from 'package:base':
    
     intersect, setdiff, setequal, union
    
    Learn more about sjPlot with 'browseVignettes("sjPlot")'.
    
    Attaching package: 'parameters'
    
    The following object is masked from 'package:sjmisc':
    
     center
    
    Warning: `guides(<scale> = FALSE)` is deprecated. Please use `guides(<scale> = "none")` instead.
    Warning: `guides(<scale> = FALSE)` is deprecated. Please use `guides(<scale> = "none")` instead.
    Warning: `guides(<scale> = FALSE)` is deprecated. Please use `guides(<scale> = "none")` instead.
    Warning: `guides(<scale> = FALSE)` is deprecated. Please use `guides(<scale> = "none")` instead.
    Warning: `guides(<scale> = FALSE)` is deprecated. Please use `guides(<scale> = "none")` instead.
    Warning: `guides(<scale> = FALSE)` is deprecated. Please use `guides(<scale> = "none")` instead.
    Warning: `guides(<scale> = FALSE)` is deprecated. Please use `guides(<scale> = "none")` instead.
    Warning: `guides(<scale> = FALSE)` is deprecated. Please use `guides(<scale> = "none")` instead.
    Warning: `guides(<scale> = FALSE)` is deprecated. Please use `guides(<scale> = "none")` instead.
    Warning: `guides(<scale> = FALSE)` is deprecated. Please use `guides(<scale> = "none")` instead.
    Warning: `guides(<scale> = FALSE)` is deprecated. Please use `guides(<scale> = "none")` instead.
    Warning: `guides(<scale> = FALSE)` is deprecated. Please use `guides(<scale> = "none")` instead.
    --- finished re-building ‘plot_likert_scales.Rmd’
    
    --- re-building ‘plot_marginal_effects.Rmd’ using rmarkdown
    Install package "strengejacke" from GitHub (`devtools::install_github("strengejacke/strengejacke")`) to load all sj-packages at once!
    Quitting from lines 69-70 (plot_marginal_effects.Rmd)
    Error: processing vignette 'plot_marginal_effects.Rmd' failed with diagnostics:
    Package 'haven' required for this function. Please install it.
    --- failed re-building ‘plot_marginal_effects.Rmd’
    
    --- re-building ‘plot_model_estimates.Rmd’ using rmarkdown
    
    Attaching package: 'ggplot2'
    
    The following object is masked from 'package:sjlabelled':
    
     as_label
    
    Quitting from lines 45-62 (plot_model_estimates.Rmd)
    Error: processing vignette 'plot_model_estimates.Rmd' failed with diagnostics:
    Package 'haven' required for this function. Please install it.
    --- failed re-building ‘plot_model_estimates.Rmd’
    
    --- re-building ‘sjtitemanalysis.Rmd’ using rmarkdown
    Learn more about sjmisc with 'browseVignettes("sjmisc")'.
    
    Attaching package: 'dplyr'
    
    The following objects are masked from 'package:stats':
    
     filter, lag
    
    The following objects are masked from 'package:base':
    
     intersect, setdiff, setequal, union
    
    --- finished re-building ‘sjtitemanalysis.Rmd’
    
    --- re-building ‘tab_bayes.Rmd’ using rmarkdown
    Loading required package: Rcpp
    Loading 'brms' package (version 2.16.3). Useful instructions
    can be found by typing help('brms'). A more detailed introduction
    to the package is available through vignette('brms_overview').
    
    Attaching package: 'brms'
    
    The following object is masked from 'package:stats':
    
     ar
    
    --- finished re-building ‘tab_bayes.Rmd’
    
    --- re-building ‘tab_mixed.Rmd’ using rmarkdown
    Loading required package: Matrix
    Argument 'df_method' is deprecated. Please use 'ci_method' instead.
    Argument 'df_method' is deprecated. Please use 'ci_method' instead.
    Argument 'df_method' is deprecated. Please use 'ci_method' instead.
    Argument 'df_method' is deprecated. Please use 'ci_method' instead.
    Argument 'df_method' is deprecated. Please use 'ci_method' instead.
    Argument 'df_method' is deprecated. Please use 'ci_method' instead.
    Argument 'df_method' is deprecated. Please use 'ci_method' instead.
    Argument 'df_method' is deprecated. Please use 'ci_method' instead.
    --- finished re-building ‘tab_mixed.Rmd’
    
    --- re-building ‘tab_model_estimates.Rmd’ using rmarkdown
    Quitting from lines 37-45 (tab_model_estimates.Rmd)
    Error: processing vignette 'tab_model_estimates.Rmd' failed with diagnostics:
    Package 'haven' required for this function. Please install it.
    --- failed re-building ‘tab_model_estimates.Rmd’
    
    --- re-building ‘tab_model_robust.Rmd’ using rmarkdown
    Learn more about sjPlot with 'browseVignettes("sjPlot")'.
    
    Attaching package: 'dplyr'
    
    The following objects are masked from 'package:stats':
    
     filter, lag
    
    The following objects are masked from 'package:base':
    
     intersect, setdiff, setequal, union
    
    Argument 'df_method' is deprecated. Please use 'ci_method' instead.
    Argument 'df_method' is deprecated. Please use 'ci_method' instead.
    Argument 'df_method' is deprecated. Please use 'ci_method' instead.
    Argument 'df_method' is deprecated. Please use 'ci_method' instead.
    Argument 'df_method' is deprecated. Please use 'ci_method' instead.
    Argument 'df_method' is deprecated. Please use 'ci_method' instead.
    Loading required package: Matrix
    Argument 'df_method' is deprecated. Please use 'ci_method' instead.
    Argument 'df_method' is deprecated. Please use 'ci_method' instead.
    Argument 'df_method' is deprecated. Please use 'ci_method' instead.
    Argument 'df_method' is deprecated. Please use 'ci_method' instead.
    --- finished re-building ‘tab_model_robust.Rmd’
    
    --- re-building ‘table_css.Rmd’ using rmarkdown
    Install package "strengejacke" from GitHub (`devtools::install_github("strengejacke/strengejacke")`) to load all sj-packages at once!
    Argument 'df_method' is deprecated. Please use 'ci_method' instead.
    Argument 'df_method' is deprecated. Please use 'ci_method' instead.
    Argument 'df_method' is deprecated. Please use 'ci_method' instead.
    Argument 'df_method' is deprecated. Please use 'ci_method' instead.
    --- finished re-building ‘table_css.Rmd’
    
    SUMMARY: processing the following files failed:
     ‘blackwhitefigures.Rmd’ ‘custplot.Rmd’ ‘plot_interactions.Rmd’
     ‘plot_marginal_effects.Rmd’ ‘plot_model_estimates.Rmd’
     ‘tab_model_estimates.Rmd’
    
    Error: Vignette re-building failed.
    Execution halted
Flavor: r-release-linux-x86_64

Version: 2.8.9
Check: examples
Result: ERROR
    Running examples in 'sjPlot-Ex.R' failed
    The error most likely occurred in:
    
    > ### Name: plot_gpt
    > ### Title: Plot grouped proportional tables
    > ### Aliases: plot_gpt
    >
    > ### ** Examples
    >
    > data(efc)
    >
    > # the proportion of dependency levels in female
    > # elderly, for each family carer's relationship
    > # to elderly
    > plot_gpt(efc, e42dep, e16sex, e15relat)
    Error in set_labels_helper(x = .dat, labels = labels, force.labels = force.labels, :
     Package 'haven' required for this function. Please install it.
    Calls: plot_gpt ... withCallingHandlers -> set_labels -> set_labels_helper
    Execution halted
Flavor: r-release-windows-ix86+x86_64

Version: 2.8.9
Check: tests
Result: ERROR
     Running 'testthat.R' [10s]
    Running the tests in 'tests/testthat.R' failed.
    Complete output:
     > library(testthat)
     > library(sjPlot)
     >
     > if (length(strsplit(packageDescription("sjPlot")$Version, "\\.")[[1]]) > 3) {
     + Sys.setenv("RunAllsjPlotTests" = "yes")
     + }
     >
     > test_check("sjPlot")
     == Failed tests ================================================================
     -- Error (test-plot_model_std.R:15:3): (code run outside of `test_that()`) -----
     Error in `set_labels_helper(x = .dat, labels = labels, force.labels = force.labels,
     force.values = force.values, drop.na = drop.na, var.name = NULL)`: Package 'haven' required for this function. Please install it.
     Backtrace:
     x
     1. +-sjlabelled::to_factor(efc, e42dep, c172code, c161sex) test-plot_model_std.R:15:2
     2. \-sjlabelled:::as_factor.data.frame(efc, e42dep, c172code, c161sex)
     3. \-sjlabelled:::to_fac_helper(.dat[[i]], add.non.labelled)
     4. +-base::suppressMessages(...)
     5. | \-base::withCallingHandlers(...)
     6. \-sjlabelled::set_labels(...)
     7. \-sjlabelled:::set_labels_helper(...)
    
     [ FAIL 1 | WARN 45 | SKIP 0 | PASS 2 ]
     Error: Test failures
     Execution halted
Flavor: r-release-windows-ix86+x86_64

Version: 2.8.9
Check: re-building of vignette outputs
Result: WARN
    Error(s) in re-building vignettes:
    --- re-building 'blackwhitefigures.Rmd' using rmarkdown
    #refugeeswelcome
    
    Attaching package: 'ggplot2'
    
    The following object is masked from 'package:sjlabelled':
    
     as_label
    
    Warning: `guides(<scale> = FALSE)` is deprecated. Please use `guides(<scale> = "none")` instead.
    Quitting from lines 36-62 (blackwhitefigures.Rmd)
    Error: processing vignette 'blackwhitefigures.Rmd' failed with diagnostics:
    Package 'haven' required for this function. Please install it.
    --- failed re-building 'blackwhitefigures.Rmd'
    
    --- re-building 'custplot.Rmd' using rmarkdown
    Learn more about sjPlot with 'browseVignettes("sjPlot")'.
    Warning: `guides(<scale> = FALSE)` is deprecated. Please use `guides(<scale> = "none")` instead.
    Warning: `guides(<scale> = FALSE)` is deprecated. Please use `guides(<scale> = "none")` instead.
    Warning: `guides(<scale> = FALSE)` is deprecated. Please use `guides(<scale> = "none")` instead.
    Warning: `guides(<scale> = FALSE)` is deprecated. Please use `guides(<scale> = "none")` instead.
    Warning: `guides(<scale> = FALSE)` is deprecated. Please use `guides(<scale> = "none")` instead.
    Quitting from lines 130-145 (custplot.Rmd)
    Error: processing vignette 'custplot.Rmd' failed with diagnostics:
    Package 'haven' required for this function. Please install it.
    --- failed re-building 'custplot.Rmd'
    
    --- re-building 'plot_interactions.Rmd' using rmarkdown
    Learn more about sjPlot with 'browseVignettes("sjPlot")'.
    Quitting from lines 39-52 (plot_interactions.Rmd)
    Error: processing vignette 'plot_interactions.Rmd' failed with diagnostics:
    Package 'haven' required for this function. Please install it.
    --- failed re-building 'plot_interactions.Rmd'
    
    --- re-building 'plot_likert_scales.Rmd' using rmarkdown
    
    Attaching package: 'dplyr'
    
    The following objects are masked from 'package:stats':
    
     filter, lag
    
    The following objects are masked from 'package:base':
    
     intersect, setdiff, setequal, union
    
    #refugeeswelcome
    
    Attaching package: 'parameters'
    
    The following object is masked from 'package:sjmisc':
    
     center
    
    Warning: `guides(<scale> = FALSE)` is deprecated. Please use `guides(<scale> = "none")` instead.
    Warning: `guides(<scale> = FALSE)` is deprecated. Please use `guides(<scale> = "none")` instead.
    Warning: `guides(<scale> = FALSE)` is deprecated. Please use `guides(<scale> = "none")` instead.
    Warning: `guides(<scale> = FALSE)` is deprecated. Please use `guides(<scale> = "none")` instead.
    Warning: `guides(<scale> = FALSE)` is deprecated. Please use `guides(<scale> = "none")` instead.
    Warning: `guides(<scale> = FALSE)` is deprecated. Please use `guides(<scale> = "none")` instead.
    Warning: `guides(<scale> = FALSE)` is deprecated. Please use `guides(<scale> = "none")` instead.
    Warning: `guides(<scale> = FALSE)` is deprecated. Please use `guides(<scale> = "none")` instead.
    Warning: `guides(<scale> = FALSE)` is deprecated. Please use `guides(<scale> = "none")` instead.
    Warning: `guides(<scale> = FALSE)` is deprecated. Please use `guides(<scale> = "none")` instead.
    Warning: `guides(<scale> = FALSE)` is deprecated. Please use `guides(<scale> = "none")` instead.
    Warning: `guides(<scale> = FALSE)` is deprecated. Please use `guides(<scale> = "none")` instead.
    --- finished re-building 'plot_likert_scales.Rmd'
    
    --- re-building 'plot_marginal_effects.Rmd' using rmarkdown
    Learn more about sjPlot with 'browseVignettes("sjPlot")'.
    Quitting from lines 69-70 (plot_marginal_effects.Rmd)
    Error: processing vignette 'plot_marginal_effects.Rmd' failed with diagnostics:
    Package 'haven' required for this function. Please install it.
    --- failed re-building 'plot_marginal_effects.Rmd'
    
    --- re-building 'plot_model_estimates.Rmd' using rmarkdown
    
    Attaching package: 'ggplot2'
    
    The following object is masked from 'package:sjlabelled':
    
     as_label
    
    Quitting from lines 45-62 (plot_model_estimates.Rmd)
    Error: processing vignette 'plot_model_estimates.Rmd' failed with diagnostics:
    Package 'haven' required for this function. Please install it.
    --- failed re-building 'plot_model_estimates.Rmd'
    
    --- re-building 'sjtitemanalysis.Rmd' using rmarkdown
    
    Attaching package: 'dplyr'
    
    The following objects are masked from 'package:stats':
    
     filter, lag
    
    The following objects are masked from 'package:base':
    
     intersect, setdiff, setequal, union
    
    --- finished re-building 'sjtitemanalysis.Rmd'
    
    --- re-building 'tab_bayes.Rmd' using rmarkdown
    #refugeeswelcome
    Loading required package: Rcpp
    Loading 'brms' package (version 2.16.3). Useful instructions
    can be found by typing help('brms'). A more detailed introduction
    to the package is available through vignette('brms_overview').
    
    Attaching package: 'brms'
    
    The following object is masked from 'package:stats':
    
     ar
    
    --- finished re-building 'tab_bayes.Rmd'
    
    --- re-building 'tab_mixed.Rmd' using rmarkdown
    Loading required package: Matrix
    Argument 'df_method' is deprecated. Please use 'ci_method' instead.
    Argument 'df_method' is deprecated. Please use 'ci_method' instead.
    Argument 'df_method' is deprecated. Please use 'ci_method' instead.
    Argument 'df_method' is deprecated. Please use 'ci_method' instead.
    Argument 'df_method' is deprecated. Please use 'ci_method' instead.
    Argument 'df_method' is deprecated. Please use 'ci_method' instead.
    Argument 'df_method' is deprecated. Please use 'ci_method' instead.
    Argument 'df_method' is deprecated. Please use 'ci_method' instead.
    --- finished re-building 'tab_mixed.Rmd'
    
    --- re-building 'tab_model_estimates.Rmd' using rmarkdown
    Quitting from lines 37-45 (tab_model_estimates.Rmd)
    Error: processing vignette 'tab_model_estimates.Rmd' failed with diagnostics:
    Package 'haven' required for this function. Please install it.
    --- failed re-building 'tab_model_estimates.Rmd'
    
    --- re-building 'tab_model_robust.Rmd' using rmarkdown
    
    Attaching package: 'dplyr'
    
    The following objects are masked from 'package:stats':
    
     filter, lag
    
    The following objects are masked from 'package:base':
    
     intersect, setdiff, setequal, union
    
    Argument 'df_method' is deprecated. Please use 'ci_method' instead.
    Argument 'df_method' is deprecated. Please use 'ci_method' instead.
    Argument 'df_method' is deprecated. Please use 'ci_method' instead.
    Argument 'df_method' is deprecated. Please use 'ci_method' instead.
    Argument 'df_method' is deprecated. Please use 'ci_method' instead.
    Argument 'df_method' is deprecated. Please use 'ci_method' instead.
    Loading required package: Matrix
    Argument 'df_method' is deprecated. Please use 'ci_method' instead.
    Argument 'df_method' is deprecated. Please use 'ci_method' instead.
    Argument 'df_method' is deprecated. Please use 'ci_method' instead.
    Argument 'df_method' is deprecated. Please use 'ci_method' instead.
    --- finished re-building 'tab_model_robust.Rmd'
    
    --- re-building 'table_css.Rmd' using rmarkdown
    Learn more about sjPlot with 'browseVignettes("sjPlot")'.
    Argument 'df_method' is deprecated. Please use 'ci_method' instead.
    Argument 'df_method' is deprecated. Please use 'ci_method' instead.
    Argument 'df_method' is deprecated. Please use 'ci_method' instead.
    Argument 'df_method' is deprecated. Please use 'ci_method' instead.
    --- finished re-building 'table_css.Rmd'
    
    SUMMARY: processing the following files failed:
     'blackwhitefigures.Rmd' 'custplot.Rmd' 'plot_interactions.Rmd'
     'plot_marginal_effects.Rmd' 'plot_model_estimates.Rmd'
     'tab_model_estimates.Rmd'
    
    Error: Vignette re-building failed.
    Execution halted
Flavor: r-release-windows-ix86+x86_64