CRAN Package Check Results for Package skimr

Last updated on 2022-01-24 22:56:41 CET.

Flavor Version Tinstall Tcheck Ttotal Status Flags
r-devel-linux-x86_64-debian-clang 2.1.3 6.42 88.90 95.32 NOTE
r-devel-linux-x86_64-debian-gcc 2.1.3 3.58 69.23 72.81 NOTE
r-devel-linux-x86_64-fedora-clang 2.1.3 116.65 NOTE
r-devel-linux-x86_64-fedora-gcc 2.1.3 116.34 NOTE
r-devel-windows-x86_64-new-UL 2.1.3 84.00 131.00 215.00 NOTE
r-devel-windows-x86_64-new-TK 2.1.3 NOTE
r-patched-linux-x86_64 2.1.3 4.74 91.34 96.08 NOTE
r-release-linux-x86_64 2.1.3 5.86 90.08 95.94 NOTE
r-release-macos-arm64 2.1.3 NOTE
r-release-macos-x86_64 2.1.3 NOTE
r-release-windows-ix86+x86_64 2.1.3 14.00 104.00 118.00 NOTE
r-oldrel-macos-x86_64 2.1.3 OK
r-oldrel-windows-ix86+x86_64 2.1.3 22.00 109.00 131.00 OK

Check Details

Version: 2.1.3
Check: LazyData
Result: NOTE
     'LazyData' is specified without a 'data' directory
Flavors: r-devel-linux-x86_64-debian-clang, r-devel-linux-x86_64-debian-gcc, r-devel-linux-x86_64-fedora-clang, r-devel-linux-x86_64-fedora-gcc, r-devel-windows-x86_64-new-UL, r-devel-windows-x86_64-new-TK, r-patched-linux-x86_64, r-release-linux-x86_64, r-release-macos-arm64, r-release-macos-x86_64, r-release-windows-ix86+x86_64