CRAN Package Check Results for Package skmeans

Last updated on 2021-12-08 22:57:50 CET.

Flavor Version Tinstall Tcheck Ttotal Status Flags
r-devel-linux-x86_64-debian-clang 0.2-14 3.54 42.72 46.26 NOTE
r-devel-linux-x86_64-debian-gcc 0.2-14 2.65 35.38 38.03 NOTE
r-devel-linux-x86_64-fedora-clang 0.2-14 57.67 NOTE
r-devel-linux-x86_64-fedora-gcc 0.2-14 46.72 NOTE
r-devel-windows-x86_64-new-UL 0.2-14 10.00 73.00 83.00 NOTE
r-devel-windows-x86_64-new-TK 0.2-14 NOTE
r-devel-windows-x86_64-old 0.2-14 6.00 41.00 47.00 NOTE
r-patched-linux-x86_64 0.2-14 3.57 41.68 45.25 NOTE
r-release-linux-x86_64 0.2-14 3.23 41.24 44.47 NOTE
r-release-macos-arm64 0.2-14 NOTE
r-release-macos-x86_64 0.2-14 NOTE
r-release-windows-ix86+x86_64 0.2-14 5.00 52.00 57.00 NOTE
r-oldrel-macos-x86_64 0.2-14 NOTE
r-oldrel-windows-ix86+x86_64 0.2-14 8.00 52.00 60.00 NOTE

Check Details

Version: 0.2-14
Check: package dependencies
Result: NOTE
    Package which this enhances but not available for checking: 'kmndirs'
Flavors: r-devel-linux-x86_64-debian-clang, r-devel-linux-x86_64-debian-gcc, r-devel-linux-x86_64-fedora-clang, r-devel-linux-x86_64-fedora-gcc, r-devel-windows-x86_64-new-UL, r-devel-windows-x86_64-new-TK, r-devel-windows-x86_64-old, r-patched-linux-x86_64, r-release-linux-x86_64, r-release-macos-arm64, r-release-macos-x86_64, r-release-windows-ix86+x86_64, r-oldrel-macos-x86_64, r-oldrel-windows-ix86+x86_64

Version: 0.2-14
Check: dependencies in R code
Result: NOTE
    Unavailable namespace imported from by a ':::' call: 'kmndirs'
     See the note in ?`:::` about the use of this operator.
Flavors: r-devel-linux-x86_64-debian-clang, r-devel-linux-x86_64-debian-gcc, r-devel-linux-x86_64-fedora-clang, r-devel-linux-x86_64-fedora-gcc, r-devel-windows-x86_64-new-UL, r-devel-windows-x86_64-new-TK, r-devel-windows-x86_64-old, r-patched-linux-x86_64, r-release-linux-x86_64, r-release-macos-arm64, r-release-macos-x86_64, r-release-windows-ix86+x86_64, r-oldrel-macos-x86_64, r-oldrel-windows-ix86+x86_64