Last updated on 2022-06-29 23:09:43 CEST.
Flavor | Version | Tinstall | Tcheck | Ttotal | Status | Flags |
---|---|---|---|---|---|---|
r-devel-linux-x86_64-debian-clang | 1.0.0 | 18.94 | 313.90 | 332.84 | OK | |
r-devel-linux-x86_64-debian-gcc | 1.0.0 | 16.10 | 234.33 | 250.43 | OK | |
r-devel-linux-x86_64-fedora-clang | 1.0.0 | 405.29 | NOTE | |||
r-devel-linux-x86_64-fedora-gcc | 1.0.0 | 318.65 | NOTE | |||
r-devel-windows-x86_64 | 1.0.0 | 72.00 | 577.00 | 649.00 | OK | |
r-patched-linux-x86_64 | 1.0.0 | 22.30 | 305.13 | 327.43 | OK | |
r-release-linux-x86_64 | 1.0.0 | 12.95 | 302.88 | 315.83 | OK | |
r-release-macos-arm64 | 1.0.0 | 311.00 | NOTE | |||
r-release-macos-x86_64 | 1.0.0 | 398.00 | NOTE | |||
r-release-windows-x86_64 | 1.0.0 | 49.00 | 569.00 | 618.00 | OK | |
r-oldrel-macos-arm64 | 1.0.0 | 278.00 | NOTE | |||
r-oldrel-macos-x86_64 | 1.0.0 | 351.00 | NOTE | |||
r-oldrel-windows-ix86+x86_64 | 1.0.0 | 40.00 | 595.00 | 635.00 | OK |
Version: 1.0.0
Check: dependencies in R code
Result: NOTE
Namespaces in Imports field not imported from:
‘numDeriv’ ‘png’
All declared Imports should be used.
Flavors: r-devel-linux-x86_64-fedora-clang, r-devel-linux-x86_64-fedora-gcc, r-release-macos-arm64, r-release-macos-x86_64, r-oldrel-macos-arm64, r-oldrel-macos-x86_64