CRAN Package Check Results for Package slasso

Last updated on 2022-01-28 23:00:52 CET.

Flavor Version Tinstall Tcheck Ttotal Status Flags
r-devel-linux-x86_64-debian-clang 1.0.0 59.91 66.06 125.97 OK
r-devel-linux-x86_64-debian-gcc 1.0.0 48.17 51.68 99.85 OK
r-devel-linux-x86_64-fedora-clang 1.0.0 192.20 NOTE
r-devel-linux-x86_64-fedora-gcc 1.0.0 170.49 NOTE
r-devel-windows-x86_64-new-UL 1.0.0 75.00 105.00 180.00 OK
r-devel-windows-x86_64-new-TK 1.0.0 NOTE
r-patched-linux-x86_64 1.0.0 58.48 64.27 122.75 OK
r-release-linux-x86_64 1.0.0 50.50 63.72 114.22 OK
r-release-macos-arm64 1.0.0 NOTE
r-release-macos-x86_64 1.0.0 NOTE
r-release-windows-ix86+x86_64 1.0.0 212.00 415.00 627.00 NOTE
r-oldrel-macos-x86_64 1.0.0 NOTE
r-oldrel-windows-ix86+x86_64 1.0.0 214.00 427.00 641.00 NOTE

Check Details

Version: 1.0.0
Check: dependencies in R code
Result: NOTE
    Namespace in Imports field not imported from: ‘RcppArmadillo’
     All declared Imports should be used.
Flavors: r-devel-linux-x86_64-fedora-clang, r-devel-linux-x86_64-fedora-gcc, r-devel-windows-x86_64-new-TK, r-release-macos-arm64, r-release-macos-x86_64, r-oldrel-macos-x86_64

Version: 1.0.0
Check: installed package size
Result: NOTE
     installed size is 5.1Mb
     sub-directories of 1Mb or more:
     R 2.0Mb
     libs 2.0Mb
Flavors: r-release-windows-ix86+x86_64, r-oldrel-windows-ix86+x86_64