CRAN Package Check Results for Package slippymath

Last updated on 2022-01-28 23:00:52 CET.

Flavor Version Tinstall Tcheck Ttotal Status Flags
r-devel-linux-x86_64-debian-clang 0.3.1 2.40 56.36 58.76 NOTE
r-devel-linux-x86_64-debian-gcc 0.3.1 2.09 44.54 46.63 NOTE
r-devel-linux-x86_64-fedora-clang 0.3.1 70.95 NOTE
r-devel-linux-x86_64-fedora-gcc 0.3.1 62.72 NOTE
r-devel-windows-x86_64-new-UL 0.3.1 52.00 88.00 140.00 NOTE
r-devel-windows-x86_64-new-TK 0.3.1 NOTE
r-patched-linux-x86_64 0.3.1 2.83 55.09 57.92 NOTE
r-release-linux-x86_64 0.3.1 2.26 54.66 56.92 NOTE
r-release-macos-arm64 0.3.1 NOTE
r-release-macos-x86_64 0.3.1 NOTE
r-release-windows-ix86+x86_64 0.3.1 15.00 63.00 78.00 NOTE
r-oldrel-macos-x86_64 0.3.1 OK
r-oldrel-windows-ix86+x86_64 0.3.1 11.00 69.00 80.00 OK

Check Details

Version: 0.3.1
Check: LazyData
Result: NOTE
     'LazyData' is specified without a 'data' directory
Flavors: r-devel-linux-x86_64-debian-clang, r-devel-linux-x86_64-debian-gcc, r-devel-linux-x86_64-fedora-clang, r-devel-linux-x86_64-fedora-gcc, r-devel-windows-x86_64-new-UL, r-devel-windows-x86_64-new-TK, r-patched-linux-x86_64, r-release-linux-x86_64, r-release-macos-arm64, r-release-macos-x86_64, r-release-windows-ix86+x86_64