CRAN Package Check Results for Package smallsets

Last updated on 2024-02-26 23:03:53 CET.

Flavor Version Tinstall Tcheck Ttotal Status Flags
r-devel-linux-x86_64-debian-clang 2.0.0 11.12 162.85 173.97 NOTE
r-devel-linux-x86_64-debian-gcc 2.0.0 8.45 121.96 130.41 NOTE
r-devel-linux-x86_64-fedora-clang 2.0.0 220.76 NOTE
r-devel-linux-x86_64-fedora-gcc 2.0.0 232.37 NOTE
r-devel-windows-x86_64 2.0.0 11.00 127.00 138.00 NOTE
r-patched-linux-x86_64 2.0.0 6.58 156.74 163.32 NOTE
r-release-linux-x86_64 2.0.0 7.10 160.99 168.09 NOTE
r-release-macos-arm64 2.0.0 76.00 NOTE
r-release-macos-x86_64 2.0.0 152.00 NOTE
r-release-windows-x86_64 2.0.0 14.00 159.00 173.00 NOTE
r-oldrel-macos-arm64 2.0.0 68.00 NOTE
r-oldrel-windows-x86_64 2.0.0 14.00 170.00 184.00 NOTE

Check Details

Version: 2.0.0
Check: package dependencies
Result: NOTE Package suggested but not available for checking: ‘gurobi’ Flavors: r-devel-linux-x86_64-debian-clang, r-devel-linux-x86_64-debian-gcc, r-devel-linux-x86_64-fedora-clang, r-devel-linux-x86_64-fedora-gcc, r-devel-windows-x86_64, r-patched-linux-x86_64, r-release-linux-x86_64, r-release-macos-arm64, r-release-macos-x86_64, r-release-windows-x86_64, r-oldrel-macos-arm64, r-oldrel-windows-x86_64