CRAN Package Check Results for Package smartsnp

Last updated on 2021-12-08 22:57:50 CET.

Flavor Version Tinstall Tcheck Ttotal Status Flags
r-devel-linux-x86_64-debian-clang 1.1.0 27.41 69.89 97.30 NOTE
r-devel-linux-x86_64-debian-gcc 1.1.0 20.20 54.93 75.13 NOTE
r-devel-linux-x86_64-fedora-clang 1.1.0 133.23 NOTE
r-devel-linux-x86_64-fedora-gcc 1.1.0 115.89 NOTE
r-devel-windows-x86_64-new-UL 1.1.0 51.00 131.00 182.00 NOTE
r-devel-windows-x86_64-new-TK 1.1.0 NOTE
r-devel-windows-x86_64-old 1.1.0 49.00 73.00 122.00 NOTE
r-patched-linux-x86_64 1.1.0 24.24 66.26 90.50 NOTE
r-release-linux-x86_64 1.1.0 26.73 65.34 92.07 NOTE
r-release-macos-arm64 1.1.0 NOTE
r-release-macos-x86_64 1.1.0 NOTE
r-release-windows-ix86+x86_64 1.1.0 65.00 126.00 191.00 NOTE
r-oldrel-macos-x86_64 1.1.0 OK
r-oldrel-windows-ix86+x86_64 1.1.0 82.00 128.00 210.00 OK

Check Details

Version: 1.1.0
Check: LazyData
Result: NOTE
     'LazyData' is specified without a 'data' directory
Flavors: r-devel-linux-x86_64-debian-clang, r-devel-linux-x86_64-debian-gcc, r-devel-linux-x86_64-fedora-clang, r-devel-linux-x86_64-fedora-gcc, r-devel-windows-x86_64-new-UL, r-devel-windows-x86_64-new-TK, r-devel-windows-x86_64-old, r-patched-linux-x86_64, r-release-linux-x86_64, r-release-macos-arm64, r-release-macos-x86_64, r-release-windows-ix86+x86_64