CRAN Package Check Results for Package smog

Last updated on 2022-08-18 23:01:01 CEST.

Flavor Version Tinstall Tcheck Ttotal Status Flags
r-devel-linux-x86_64-debian-clang 2.1.0 62.31 79.85 142.16 NOTE
r-devel-linux-x86_64-debian-gcc 2.1.0 50.43 59.99 110.42 NOTE
r-devel-linux-x86_64-fedora-clang 2.1.0 202.18 NOTE
r-devel-linux-x86_64-fedora-gcc 2.1.0 188.48 NOTE
r-devel-windows-x86_64 2.1.0 146.00 133.00 279.00 NOTE
r-patched-linux-x86_64 2.1.0 52.75 73.74 126.49 NOTE
r-release-linux-x86_64 2.1.0 NOTE
r-release-macos-arm64 2.1.0 47.00 NOTE
r-release-macos-x86_64 2.1.0 77.00 NOTE
r-release-windows-x86_64 2.1.0 48.00 123.00 171.00 NOTE
r-oldrel-macos-arm64 2.1.0 56.00 NOTE
r-oldrel-macos-x86_64 2.1.0 94.00 NOTE
r-oldrel-windows-ix86+x86_64 2.1.0 148.00 142.00 290.00 NOTE

Check Details

Version: 2.1.0
Check: LazyData
Result: NOTE
     'LazyData' is specified without a 'data' directory
Flavors: r-devel-linux-x86_64-debian-clang, r-devel-linux-x86_64-debian-gcc, r-devel-linux-x86_64-fedora-clang, r-devel-linux-x86_64-fedora-gcc, r-devel-windows-x86_64, r-patched-linux-x86_64, r-release-linux-x86_64, r-release-macos-arm64, r-release-macos-x86_64, r-release-windows-x86_64, r-oldrel-macos-arm64, r-oldrel-macos-x86_64, r-oldrel-windows-ix86+x86_64

Version: 2.1.0
Check: HTML version of manual
Result: NOTE
    Found the following HTML validation problems:
    cv.smog.html:165:1: Warning: trimming empty <h4>
    smog.default.html:178:1: Warning: trimming empty <h4>
Flavors: r-devel-linux-x86_64-debian-clang, r-devel-linux-x86_64-debian-gcc

Version: 2.1.0
Check: dependencies in R code
Result: NOTE
    Namespaces in Imports field not imported from:
     ‘Rdpack’ ‘rmarkdown’
     All declared Imports should be used.
Flavors: r-devel-linux-x86_64-fedora-clang, r-devel-linux-x86_64-fedora-gcc, r-release-macos-arm64, r-release-macos-x86_64, r-oldrel-macos-arm64, r-oldrel-macos-x86_64

Version: 2.1.0
Check: HTML version of manual
Result: NOTE
    Found the following HTML validation problems:
    cv.smog.html:165:1: Warning: trimming empty <h4>
    
    
    smog.default.html:178:1: Warning: trimming empty <h4>
Flavor: r-devel-windows-x86_64

Version: 2.1.0
Check: installed package size
Result: NOTE
     installed size is 5.4Mb
     sub-directories of 1Mb or more:
     libs 5.2Mb
Flavor: r-oldrel-macos-arm64