CRAN Package Check Results for Package smpic

Last updated on 2024-02-18 22:59:17 CET.

Flavor Version Tinstall Tcheck Ttotal Status Flags
r-devel-linux-x86_64-debian-clang 0.1.0 NOTE
r-devel-linux-x86_64-debian-gcc 0.1.0 1.77 30.62 32.39 NOTE
r-devel-linux-x86_64-fedora-clang 0.1.0 58.66 NOTE
r-devel-linux-x86_64-fedora-gcc 0.1.0 66.46 NOTE
r-devel-windows-x86_64 0.1.0 4.00 54.00 58.00 OK
r-patched-linux-x86_64 0.1.0 2.38 41.42 43.80 NOTE
r-release-linux-x86_64 0.1.0 1.83 39.39 41.22 NOTE
r-release-macos-arm64 0.1.0 28.00 OK
r-release-macos-x86_64 0.1.0 39.00 OK
r-release-windows-x86_64 0.1.0 4.00 55.00 59.00 OK
r-oldrel-macos-arm64 0.1.0 21.00 OK
r-oldrel-windows-x86_64 0.1.0 4.00 64.00 68.00 OK

Check Details

Version: 0.1.0
Check: for non-standard things in the check directory
Result: NOTE Found the following files/directories: ‘my_new_social_media_plot.png’ Flavors: r-devel-linux-x86_64-debian-clang, r-devel-linux-x86_64-debian-gcc, r-devel-linux-x86_64-fedora-clang, r-devel-linux-x86_64-fedora-gcc, r-patched-linux-x86_64, r-release-linux-x86_64