CRAN Package Check Results for Package sna

Last updated on 2022-06-30 22:55:42 CEST.

Flavor Version Tinstall Tcheck Ttotal Status Flags
r-devel-linux-x86_64-debian-clang 2.7 28.08 161.50 189.58 NOTE
r-devel-linux-x86_64-debian-gcc 2.7 23.99 116.76 140.75 NOTE
r-devel-linux-x86_64-fedora-clang 2.7 233.31 NOTE
r-devel-linux-x86_64-fedora-gcc 2.7 226.87 NOTE
r-devel-windows-x86_64 2.7 92.00 180.00 272.00 NOTE
r-patched-linux-x86_64 2.7 28.40 147.46 175.86 OK
r-release-linux-x86_64 2.7 23.63 146.98 170.61 OK
r-release-macos-arm64 2.7 59.00 OK
r-release-macos-x86_64 2.7 75.00 OK
r-release-windows-x86_64 2.7 93.00 176.00 269.00 OK
r-oldrel-macos-arm64 2.7 57.00 OK
r-oldrel-macos-x86_64 2.7 72.00 OK
r-oldrel-windows-ix86+x86_64 2.7 62.00 227.00 289.00 OK

Check Details

Version: 2.7
Check: Rd files
Result: NOTE
    checkRd: (-1) gplot.layout.Rd:66: Escaped LaTeX specials: \$
    checkRd: (-1) gplot.layout.Rd:67: Escaped LaTeX specials: \$
    checkRd: (-1) gplot.layout.Rd:68: Escaped LaTeX specials: \$
    checkRd: (-1) gplot.layout.Rd:73: Escaped LaTeX specials: \$
    checkRd: (-1) gplot.layout.Rd:74: Escaped LaTeX specials: \$
    checkRd: (-1) gplot.layout.Rd:75: Escaped LaTeX specials: \$
    checkRd: (-1) gplot.layout.Rd:76: Escaped LaTeX specials: \$
    checkRd: (-1) gplot.layout.Rd:77: Escaped LaTeX specials: \$
    checkRd: (-1) gplot.layout.Rd:78: Escaped LaTeX specials: \$
    checkRd: (-1) gplot.layout.Rd:79: Escaped LaTeX specials: \$
    checkRd: (-1) gplot.layout.Rd:80: Escaped LaTeX specials: \$
    checkRd: (-1) gplot.layout.Rd:81: Escaped LaTeX specials: \$
    checkRd: (-1) gplot.layout.Rd:82: Escaped LaTeX specials: \$
    checkRd: (-1) gplot.layout.Rd:83: Escaped LaTeX specials: \$
    checkRd: (-1) gplot.layout.Rd:89: Escaped LaTeX specials: \$
    checkRd: (-1) gplot.layout.Rd:90: Escaped LaTeX specials: \$
    checkRd: (-1) gplot.layout.Rd:91: Escaped LaTeX specials: \$
    checkRd: (-1) gplot.layout.Rd:92: Escaped LaTeX specials: \$
    checkRd: (-1) gplot.layout.Rd:93: Escaped LaTeX specials: \$
    checkRd: (-1) gplot.layout.Rd:94: Escaped LaTeX specials: \$
    checkRd: (-1) gplot.layout.Rd:95: Escaped LaTeX specials: \$
    checkRd: (-1) gplot.layout.Rd:100: Escaped LaTeX specials: \$
    checkRd: (-1) gplot.layout.Rd:101: Escaped LaTeX specials: \$
    checkRd: (-1) gplot.layout.Rd:102: Escaped LaTeX specials: \$
    checkRd: (-1) gplot.layout.Rd:103: Escaped LaTeX specials: \$
    checkRd: (-1) gplot.layout.Rd:117: Escaped LaTeX specials: \$
    checkRd: (-1) gplot.layout.Rd:118: Escaped LaTeX specials: \$
    checkRd: (-1) gplot.layout.Rd:119: Escaped LaTeX specials: \$
    checkRd: (-1) gplot.layout.Rd:124: Escaped LaTeX specials: \$
    checkRd: (-1) gplot.layout.Rd:130: Escaped LaTeX specials: \$
    checkRd: (-1) gplot.layout.Rd:131: Escaped LaTeX specials: \$
    checkRd: (-1) gplot.layout.Rd:132: Escaped LaTeX specials: \$
    checkRd: (-1) gplot.layout.Rd:133: Escaped LaTeX specials: \$
    checkRd: (-1) gplot.layout.Rd:134: Escaped LaTeX specials: \$
    checkRd: (-1) gplot.layout.Rd:135: Escaped LaTeX specials: \$
    checkRd: (-1) gplot.layout.Rd:141: Escaped LaTeX specials: \$
    checkRd: (-1) gplot.layout.Rd:142: Escaped LaTeX specials: \$
    checkRd: (-1) gplot.layout.Rd:143: Escaped LaTeX specials: \$
    checkRd: (-1) gplot.layout.Rd:144: Escaped LaTeX specials: \$
    checkRd: (-1) gplot.layout.Rd:145: Escaped LaTeX specials: \$
    checkRd: (-1) gplot.layout.Rd:146: Escaped LaTeX specials: \$
    checkRd: (-1) gplot.layout.Rd:147: Escaped LaTeX specials: \$
    checkRd: (-1) gplot.layout.Rd:148: Escaped LaTeX specials: \$
    checkRd: (-1) gplot.layout.Rd:149: Escaped LaTeX specials: \$
    checkRd: (-1) gplot.layout.Rd:150: Escaped LaTeX specials: \$
    checkRd: (-1) gplot.layout.Rd:151: Escaped LaTeX specials: \$
    checkRd: (-1) gplot.layout.Rd:152: Escaped LaTeX specials: \$
    checkRd: (-1) gplot3d.layout.Rd:55: Escaped LaTeX specials: \$
    checkRd: (-1) gplot3d.layout.Rd:56: Escaped LaTeX specials: \$
    checkRd: (-1) gplot3d.layout.Rd:57: Escaped LaTeX specials: \$
    checkRd: (-1) gplot3d.layout.Rd:62: Escaped LaTeX specials: \$
    checkRd: (-1) gplot3d.layout.Rd:63: Escaped LaTeX specials: \$
    checkRd: (-1) gplot3d.layout.Rd:64: Escaped LaTeX specials: \$
    checkRd: (-1) gplot3d.layout.Rd:65: Escaped LaTeX specials: \$
    checkRd: (-1) gplot3d.layout.Rd:66: Escaped LaTeX specials: \$
    checkRd: (-1) gplot3d.layout.Rd:67: Escaped LaTeX specials: \$
    checkRd: (-1) gplot3d.layout.Rd:73: Escaped LaTeX specials: \$
    checkRd: (-1) gplot3d.layout.Rd:74: Escaped LaTeX specials: \$
    checkRd: (-1) gplot3d.layout.Rd:75: Escaped LaTeX specials: \$
    checkRd: (-1) gplot3d.layout.Rd:76: Escaped LaTeX specials: \$
    checkRd: (-1) gplot3d.layout.Rd:77: Escaped LaTeX specials: \$
    checkRd: (-1) gplot3d.layout.Rd:78: Escaped LaTeX specials: \$
    checkRd: (-1) gplot3d.layout.Rd:79: Escaped LaTeX specials: \$
    checkRd: (-1) gplot3d.layout.Rd:84: Escaped LaTeX specials: \$
    checkRd: (-1) gplot3d.layout.Rd:85: Escaped LaTeX specials: \$
    checkRd: (-1) gplot3d.layout.Rd:86: Escaped LaTeX specials: \$
    checkRd: (-1) gplot3d.layout.Rd:87: Escaped LaTeX specials: \$
    checkRd: (-1) gplot3d.layout.Rd:101: Escaped LaTeX specials: \$
    checkRd: (-1) gplot3d.layout.Rd:102: Escaped LaTeX specials: \$
    checkRd: (-1) gplot3d.layout.Rd:103: Escaped LaTeX specials: \$
    checkRd: (-1) gplot3d.layout.Rd:108: Escaped LaTeX specials: \$
Flavors: r-devel-linux-x86_64-debian-clang, r-devel-linux-x86_64-debian-gcc, r-devel-linux-x86_64-fedora-clang, r-devel-linux-x86_64-fedora-gcc, r-devel-windows-x86_64