CRAN Package Check Results for Package snow

Last updated on 2022-05-22 22:51:52 CEST.

Flavor Version Tinstall Tcheck Ttotal Status Flags
r-devel-linux-x86_64-debian-clang 0.4-4 2.82 34.22 37.04 OK
r-devel-linux-x86_64-debian-gcc 0.4-4 2.35 27.20 29.55 OK
r-devel-linux-x86_64-fedora-clang 0.4-4 45.75 OK
r-devel-linux-x86_64-fedora-gcc 0.4-4 35.11 OK
r-devel-windows-x86_64 0.4-4 17.00 52.00 69.00 OK
r-patched-linux-x86_64 0.4-4 2.27 33.63 35.90 OK
r-release-linux-x86_64 0.4-4 2.42 34.34 36.76 OK
r-release-macos-arm64 0.4-4 17.00 NOTE
r-release-macos-x86_64 0.4-4 23.00 NOTE
r-release-windows-x86_64 0.4-4 6.00 48.00 54.00 OK
r-oldrel-macos-arm64 0.4-4 24.00 NOTE
r-oldrel-macos-x86_64 0.4-4 23.00 NOTE
r-oldrel-windows-ix86+x86_64 0.4-4 4.00 31.00 35.00 OK

Check Details

Version: 0.4-4
Check: package dependencies
Result: NOTE
    Package which this enhances but not available for checking: ‘Rmpi’
Flavors: r-release-macos-arm64, r-release-macos-x86_64, r-oldrel-macos-arm64, r-oldrel-macos-x86_64