CRAN Package Check Results for Package soilassessment

Last updated on 2022-01-26 22:55:05 CET.

Flavor Version Tinstall Tcheck Ttotal Status Flags
r-devel-linux-x86_64-debian-clang 0.2.2 70.34 501.23 571.57 OK
r-devel-linux-x86_64-debian-gcc 0.2.2 56.75 374.15 430.90 OK
r-devel-linux-x86_64-fedora-clang 0.2.2 619.41 OK
r-devel-linux-x86_64-fedora-gcc 0.2.2 701.92 OK
r-devel-windows-x86_64-new-UL 0.2.2 260.00 474.00 734.00 OK
r-devel-windows-x86_64-new-TK 0.2.2 ERROR
r-patched-linux-x86_64 0.2.2 66.62 431.28 497.90 OK
r-release-linux-x86_64 0.2.2 52.68 434.31 486.99 OK
r-release-macos-arm64 0.2.1 OK
r-release-macos-x86_64 0.2.2 WARN
r-release-windows-ix86+x86_64 0.2.2 126.00 541.00 667.00 OK
r-oldrel-macos-x86_64 0.2.2 OK
r-oldrel-windows-ix86+x86_64 0.2.2 124.00 503.00 627.00 OK

Check Details

Version: 0.2.2
Check: package dependencies
Result: ERROR
    Package required but not available: 'arm'
    
    See section 'The DESCRIPTION file' in the 'Writing R Extensions'
    manual.
Flavor: r-devel-windows-x86_64-new-TK

Version: 0.2.2
Check: whether package can be installed
Result: WARN
    Found the following significant warnings:
     Warning: multiple methods tables found for ‘direction’
     Warning: multiple methods tables found for ‘gridDistance’
Flavor: r-release-macos-x86_64