Last updated on 2022-08-18 23:01:01 CEST.
Flavor | Version | Tinstall | Tcheck | Ttotal | Status | Flags |
---|---|---|---|---|---|---|
r-devel-linux-x86_64-debian-clang | 5.0 | 30.47 | 163.78 | 194.25 | NOTE | |
r-devel-linux-x86_64-debian-gcc | 5.0 | 23.99 | 118.98 | 142.97 | NOTE | |
r-devel-linux-x86_64-fedora-clang | 5.0 | 242.01 | NOTE | |||
r-devel-linux-x86_64-fedora-gcc | 5.0 | 258.25 | NOTE | |||
r-devel-windows-x86_64 | 5.0 | 177.00 | 193.00 | 370.00 | NOTE | |
r-patched-linux-x86_64 | 5.0 | 39.56 | 173.87 | 213.43 | OK | |
r-release-linux-x86_64 | 5.0 | OK | ||||
r-release-macos-arm64 | 5.0 | 122.00 | OK | |||
r-release-macos-x86_64 | 5.0 | 171.00 | OK | |||
r-release-windows-x86_64 | 5.0 | 239.00 | 199.00 | 438.00 | NOTE | |
r-oldrel-macos-arm64 | 5.0 | 112.00 | OK | |||
r-oldrel-macos-x86_64 | 5.0 | 132.00 | OK | |||
r-oldrel-windows-ix86+x86_64 | 5.0 | 52.00 | 179.00 | 231.00 | NOTE |
Version: 5.0
Check: Rd files
Result: NOTE
checkRd: (-1) llwrPTF.Rd:7: Escaped LaTeX specials: \&
Flavors: r-devel-linux-x86_64-debian-clang, r-devel-linux-x86_64-debian-gcc, r-devel-linux-x86_64-fedora-clang, r-devel-linux-x86_64-fedora-gcc, r-devel-windows-x86_64
Version: 5.0
Check: installed package size
Result: NOTE
installed size is 5.2Mb
sub-directories of 1Mb or more:
R 3.2Mb
doc 1.1Mb
Flavors: r-devel-linux-x86_64-fedora-clang, r-devel-windows-x86_64, r-release-windows-x86_64, r-oldrel-windows-ix86+x86_64