CRAN Package Check Results for Package soma

Last updated on 2021-11-26 23:03:41 CET.

Flavor Version Tinstall Tcheck Ttotal Status Flags
r-devel-linux-x86_64-debian-clang 1.1.1 1.88 19.83 21.71 NOTE
r-devel-linux-x86_64-debian-gcc 1.1.1 1.61 16.49 18.10 NOTE
r-devel-linux-x86_64-fedora-clang 1.1.1 37.63 NOTE
r-devel-linux-x86_64-fedora-gcc 1.1.1 26.87 NOTE
r-devel-windows-x86_64-new-UL 1.1.1 5.00 54.00 59.00 NOTE
r-devel-windows-x86_64-new-TK 1.1.1 NOTE
r-devel-windows-x86_64-old 1.1.1 2.00 36.00 38.00 NOTE
r-patched-linux-x86_64 1.1.1 1.85 19.09 20.94 NOTE
r-patched-solaris-x86 1.1.1 42.60 NOTE
r-release-linux-x86_64 1.1.1 NOTE
r-release-macos-arm64 1.1.1 NOTE
r-release-macos-x86_64 1.1.1 NOTE
r-release-windows-ix86+x86_64 1.1.1 4.00 30.00 34.00 NOTE
r-oldrel-macos-x86_64 1.1.1 NOTE
r-oldrel-windows-ix86+x86_64 1.1.1 4.00 35.00 39.00 NOTE

Check Details

Version: 1.1.1
Check: R code for possible problems
Result: NOTE
    soma: no visible global function definition for 'runif'
    Undefined global functions or variables:
     runif
    Consider adding
     importFrom("stats", "runif")
    to your NAMESPACE file.
Flavors: r-devel-linux-x86_64-debian-clang, r-devel-linux-x86_64-debian-gcc, r-devel-linux-x86_64-fedora-clang, r-devel-linux-x86_64-fedora-gcc, r-devel-windows-x86_64-new-UL, r-devel-windows-x86_64-new-TK, r-devel-windows-x86_64-old, r-patched-linux-x86_64, r-patched-solaris-x86, r-release-linux-x86_64, r-release-macos-arm64, r-release-macos-x86_64, r-release-windows-ix86+x86_64, r-oldrel-macos-x86_64, r-oldrel-windows-ix86+x86_64