CRAN Package Check Results for Package spBayesSurv

Last updated on 2022-01-25 22:57:11 CET.

Flavor Version Tinstall Tcheck Ttotal Status Flags
r-devel-linux-x86_64-debian-clang 1.1.5 473.83 100.75 574.58 OK
r-devel-linux-x86_64-debian-gcc 1.1.5 398.96 75.00 473.96 OK
r-devel-linux-x86_64-fedora-clang 1.1.5 910.67 NOTE
r-devel-linux-x86_64-fedora-gcc 1.1.5 810.11 NOTE
r-devel-windows-x86_64-new-UL 1.1.5 386.00 160.00 546.00 OK
r-devel-windows-x86_64-new-TK 1.1.5 NOTE
r-patched-linux-x86_64 1.1.5 397.72 94.65 492.37 OK
r-release-linux-x86_64 1.1.5 390.15 96.36 486.51 OK
r-release-macos-arm64 1.1.5 NOTE
r-release-macos-x86_64 1.1.5 NOTE
r-release-windows-ix86+x86_64 1.1.5 1126.00 179.00 1305.00 NOTE
r-oldrel-macos-x86_64 1.1.5 NOTE
r-oldrel-windows-ix86+x86_64 1.1.5 1125.00 179.00 1304.00 NOTE

Check Details

Version: 1.1.5
Check: installed package size
Result: NOTE
     installed size is 28.0Mb
     sub-directories of 1Mb or more:
     libs 27.2Mb
Flavors: r-devel-linux-x86_64-fedora-clang, r-release-macos-arm64, r-release-macos-x86_64, r-release-windows-ix86+x86_64, r-oldrel-macos-x86_64, r-oldrel-windows-ix86+x86_64

Version: 1.1.5
Check: dependencies in R code
Result: NOTE
    Namespace in Imports field not imported from: ‘MASS’
     All declared Imports should be used.
Flavors: r-devel-linux-x86_64-fedora-clang, r-devel-linux-x86_64-fedora-gcc, r-devel-windows-x86_64-new-TK, r-release-macos-arm64, r-release-macos-x86_64, r-oldrel-macos-x86_64