Last updated on 2023-06-02 23:03:33 CEST.
Flavor | Version | Tinstall | Tcheck | Ttotal | Status | Flags |
---|---|---|---|---|---|---|
r-devel-linux-x86_64-debian-clang | 1.2.1 | 11.65 | 93.34 | 104.99 | OK | |
r-devel-linux-x86_64-debian-gcc | 1.2.1 | 9.38 | 70.92 | 80.30 | OK | |
r-devel-linux-x86_64-fedora-clang | 1.2.1 | 138.02 | NOTE | |||
r-devel-linux-x86_64-fedora-gcc | 1.2.1 | 138.27 | NOTE | |||
r-devel-windows-x86_64 | 1.2.1 | 11.00 | 90.00 | 101.00 | OK | |
r-patched-linux-x86_64 | 1.2.1 | OK | ||||
r-release-linux-x86_64 | 1.2.1 | 10.48 | 88.03 | 98.51 | OK | |
r-release-macos-arm64 | 1.2.1 | 46.00 | OK | |||
r-release-macos-x86_64 | 1.2.1 | 76.00 | OK | |||
r-release-windows-x86_64 | 1.2.1 | 12.00 | 106.00 | 118.00 | OK | |
r-oldrel-macos-arm64 | 1.2.1 | 34.00 | NOTE | |||
r-oldrel-macos-x86_64 | 1.2.1 | 52.00 | NOTE | |||
r-oldrel-windows-x86_64 | 1.2.1 | 14.00 | 98.00 | 112.00 | OK |
Version: 1.2.1
Check: data for non-ASCII characters
Result: NOTE
Note: found 1 marked UTF-8 string
Flavors: r-devel-linux-x86_64-fedora-clang, r-devel-linux-x86_64-fedora-gcc, r-oldrel-macos-arm64, r-oldrel-macos-x86_64