CRAN Package Check Results for Package sparsereg

Last updated on 2022-01-22 22:52:26 CET.

Flavor Version Tinstall Tcheck Ttotal Status Flags
r-devel-linux-x86_64-debian-clang 1.2 76.11 152.06 228.17 OK
r-devel-linux-x86_64-debian-gcc 1.2 53.19 114.35 167.54 OK
r-devel-linux-x86_64-fedora-clang 1.2 300.53 NOTE
r-devel-linux-x86_64-fedora-gcc 1.2 271.69 NOTE
r-devel-windows-x86_64-new-UL 1.2 80.00 185.00 265.00 OK
r-devel-windows-x86_64-new-TK 1.2 OK
r-patched-linux-x86_64 1.2 70.52 145.69 216.21 OK
r-release-linux-x86_64 1.2 62.29 143.84 206.13 OK
r-release-macos-arm64 1.2 OK
r-release-macos-x86_64 1.2 OK
r-release-windows-ix86+x86_64 1.2 186.00 229.00 415.00 OK
r-oldrel-macos-x86_64 1.2 OK
r-oldrel-windows-ix86+x86_64 1.2 187.00 237.00 424.00 OK

Check Details

Version: 1.2
Check: compiled code
Result: NOTE
    File ‘sparsereg/libs/sparsereg.so’:
     Found no calls to: ‘R_registerRoutines’, ‘R_useDynamicSymbols’
    
    It is good practice to register native routines and to disable symbol
    search.
    
    See ‘Writing portable packages’ in the ‘Writing R Extensions’ manual.
Flavors: r-devel-linux-x86_64-fedora-clang, r-devel-linux-x86_64-fedora-gcc