Last updated on 2023-05-29 23:03:57 CEST.
Flavor | Version | Tinstall | Tcheck | Ttotal | Status | Flags |
---|---|---|---|---|---|---|
r-devel-linux-x86_64-debian-clang | 0.7.0 | 59.38 | 383.29 | 442.67 | OK | |
r-devel-linux-x86_64-debian-gcc | 0.7.0 | 51.23 | 288.26 | 339.49 | OK | |
r-devel-linux-x86_64-fedora-clang | 0.7.0 | 594.80 | NOTE | |||
r-devel-linux-x86_64-fedora-gcc | 0.7.0 | 559.82 | NOTE | |||
r-devel-windows-x86_64 | 0.7.0 | 48.00 | 263.00 | 311.00 | NOTE | |
r-patched-linux-x86_64 | 0.7.0 | 55.98 | 360.98 | 416.96 | OK | |
r-release-linux-x86_64 | 0.7.0 | 47.42 | 360.71 | 408.13 | OK | |
r-release-macos-arm64 | 0.7.0 | 156.00 | NOTE | |||
r-release-macos-x86_64 | 0.7.0 | 244.00 | NOTE | |||
r-release-windows-x86_64 | 0.7.0 | 66.00 | 356.00 | 422.00 | NOTE | |
r-oldrel-macos-arm64 | 0.7.0 | 134.00 | NOTE | |||
r-oldrel-macos-x86_64 | 0.7.0 | 225.00 | NOTE | |||
r-oldrel-windows-x86_64 | 0.7.0 | 65.00 | 336.00 | 401.00 | NOTE |
Version: 0.7.0
Check: data for non-ASCII characters
Result: NOTE
Note: found 283 marked UTF-8 strings
Flavors: r-devel-linux-x86_64-fedora-clang, r-devel-linux-x86_64-fedora-gcc, r-oldrel-macos-arm64, r-oldrel-macos-x86_64
Version: 0.7.0
Check: installed package size
Result: NOTE
installed size is 5.4Mb
sub-directories of 1Mb or more:
data 2.6Mb
help 1.7Mb
libs 1.1Mb
Flavors: r-devel-windows-x86_64, r-release-macos-arm64, r-release-macos-x86_64, r-release-windows-x86_64, r-oldrel-macos-arm64, r-oldrel-macos-x86_64, r-oldrel-windows-x86_64