CRAN Package Check Results for Package spatsoc

Last updated on 2021-12-02 22:56:08 CET.

Flavor Version Tinstall Tcheck Ttotal Status Flags
r-devel-linux-x86_64-debian-clang 0.1.16 4.33 123.42 127.75 NOTE
r-devel-linux-x86_64-debian-gcc 0.1.16 2.98 81.83 84.81 NOTE
r-devel-linux-x86_64-fedora-clang 0.1.16 142.89 NOTE
r-devel-linux-x86_64-fedora-gcc 0.1.16 125.07 NOTE
r-devel-windows-x86_64-new-UL 0.1.16 11.00 155.00 166.00 NOTE
r-devel-windows-x86_64-new-TK 0.1.16 NOTE
r-devel-windows-x86_64-old 0.1.16 8.00 98.00 106.00 NOTE
r-patched-linux-x86_64 0.1.16 4.20 101.15 105.35 NOTE
r-patched-solaris-x86 0.1.16 162.80 NOTE
r-release-linux-x86_64 0.1.16 3.41 101.13 104.54 NOTE
r-release-macos-arm64 0.1.16 NOTE
r-release-macos-x86_64 0.1.16 NOTE
r-release-windows-ix86+x86_64 0.1.16 9.00 123.00 132.00 NOTE
r-oldrel-macos-x86_64 0.1.16 OK
r-oldrel-windows-ix86+x86_64 0.1.16 9.00 126.00 135.00 OK

Check Details

Version: 0.1.16
Check: LazyData
Result: NOTE
     'LazyData' is specified without a 'data' directory
Flavors: r-devel-linux-x86_64-debian-clang, r-devel-linux-x86_64-debian-gcc, r-devel-linux-x86_64-fedora-clang, r-devel-linux-x86_64-fedora-gcc, r-devel-windows-x86_64-new-UL, r-devel-windows-x86_64-new-TK, r-devel-windows-x86_64-old, r-patched-linux-x86_64, r-patched-solaris-x86, r-release-linux-x86_64, r-release-macos-arm64, r-release-macos-x86_64, r-release-windows-ix86+x86_64