CRAN Package Check Results for Package spatsoc

Last updated on 2022-05-24 22:50:18 CEST.

Flavor Version Tinstall Tcheck Ttotal Status Flags
r-devel-linux-x86_64-debian-clang 0.1.16 4.18 138.15 142.33 NOTE
r-devel-linux-x86_64-debian-gcc 0.1.16 3.33 91.83 95.16 NOTE
r-devel-linux-x86_64-fedora-clang 0.1.16 152.17 NOTE
r-devel-linux-x86_64-fedora-gcc 0.1.16 129.27 NOTE
r-devel-windows-x86_64 0.1.16 20.00 140.00 160.00 NOTE
r-patched-linux-x86_64 0.1.16 4.73 113.11 117.84 NOTE
r-release-linux-x86_64 0.1.16 NOTE
r-release-macos-arm64 0.1.16 38.00 NOTE
r-release-macos-x86_64 0.1.16 54.00 NOTE
r-release-windows-x86_64 0.1.16 21.00 143.00 164.00 NOTE
r-oldrel-macos-arm64 0.1.16 53.00 NOTE
r-oldrel-macos-x86_64 0.1.16 86.00 NOTE
r-oldrel-windows-ix86+x86_64 0.1.16 9.00 132.00 141.00 NOTE

Check Details

Version: 0.1.16
Check: LazyData
Result: NOTE
     'LazyData' is specified without a 'data' directory
Flavors: r-devel-linux-x86_64-debian-clang, r-devel-linux-x86_64-debian-gcc, r-devel-linux-x86_64-fedora-clang, r-devel-linux-x86_64-fedora-gcc, r-devel-windows-x86_64, r-patched-linux-x86_64, r-release-linux-x86_64, r-release-macos-arm64, r-release-macos-x86_64, r-release-windows-x86_64, r-oldrel-macos-arm64, r-oldrel-macos-x86_64, r-oldrel-windows-ix86+x86_64