CRAN Package Check Results for Package spectralGraphTopology

Last updated on 2021-12-06 21:51:29 CET.

Flavor Version Tinstall Tcheck Ttotal Status Flags
r-devel-linux-x86_64-debian-clang 0.2.0 48.63 62.64 111.27 NOTE
r-devel-linux-x86_64-debian-gcc 0.2.0 37.18 47.55 84.73 NOTE
r-devel-linux-x86_64-fedora-clang 0.2.0 160.67 NOTE
r-devel-linux-x86_64-fedora-gcc 0.2.0 134.77 NOTE
r-devel-windows-x86_64-new-UL 0.2.0 72.00 118.00 190.00 NOTE
r-devel-windows-x86_64-new-TK 0.2.0 NOTE
r-devel-windows-x86_64-old 0.2.0 71.00 82.00 153.00 NOTE
r-patched-linux-x86_64 0.2.0 45.54 48.60 94.14 NOTE
r-release-linux-x86_64 0.2.0 46.55 57.62 104.17 NOTE
r-release-macos-arm64 0.2.0 NOTE
r-release-macos-x86_64 0.2.0 NOTE
r-release-windows-ix86+x86_64 0.2.0 133.00 116.00 249.00 NOTE
r-oldrel-macos-x86_64 0.2.0 NOTE
r-oldrel-windows-ix86+x86_64 0.2.0 131.00 126.00 257.00 NOTE

Check Details

Version: 0.2.0
Check: LazyData
Result: NOTE
     'LazyData' is specified without a 'data' directory
Flavors: r-devel-linux-x86_64-debian-clang, r-devel-linux-x86_64-debian-gcc, r-devel-linux-x86_64-fedora-clang, r-devel-linux-x86_64-fedora-gcc, r-devel-windows-x86_64-new-UL, r-devel-windows-x86_64-new-TK, r-devel-windows-x86_64-old, r-patched-linux-x86_64, r-release-linux-x86_64, r-release-macos-arm64, r-release-macos-x86_64, r-release-windows-ix86+x86_64

Version: 0.2.0
Check: installed package size
Result: NOTE
     installed size is 5.9Mb
     sub-directories of 1Mb or more:
     doc 3.1Mb
     libs 2.4Mb
Flavors: r-devel-linux-x86_64-fedora-clang, r-release-macos-arm64, r-release-macos-x86_64, r-release-windows-ix86+x86_64, r-oldrel-macos-x86_64, r-oldrel-windows-ix86+x86_64