Last updated on 2023-03-24 22:55:24 CET.
Flavor | Version | Tinstall | Tcheck | Ttotal | Status | Flags |
---|---|---|---|---|---|---|
r-devel-linux-x86_64-debian-clang | 0.1.2 | 15.58 | 145.11 | 160.69 | OK | |
r-devel-linux-x86_64-debian-gcc | 0.1.2 | 12.00 | 106.96 | 118.96 | OK | |
r-devel-linux-x86_64-fedora-clang | 0.1.2 | 192.21 | OK | |||
r-devel-linux-x86_64-fedora-gcc | 0.1.2 | 191.32 | OK | |||
r-patched-linux-x86_64 | 0.1.2 | 13.83 | 135.10 | 148.93 | OK | |
r-release-linux-x86_64 | 0.1.2 | 10.73 | 132.92 | 143.65 | OK | |
r-release-macos-arm64 | 0.1.2 | 64.00 | OK | |||
r-release-macos-x86_64 | 0.1.2 | 82.00 | OK | |||
r-release-windows-x86_64 | 0.1.2 | 36.00 | 162.00 | 198.00 | OK | |
r-oldrel-macos-arm64 | 0.1.2 | 62.00 | WARN | |||
r-oldrel-macos-x86_64 | 0.1.2 | 88.00 | WARN | |||
r-oldrel-windows-ix86+x86_64 | 0.1.2 | 37.00 | 171.00 | 208.00 | NOTE |
Version: 0.1.2
Check: for executable files
Result: WARN
Found the following executable files:
inst/extdata/SouthernBuh-habitats_shapefile.dbf
inst/extdata/test_shapefile.dbf
Source packages should not contain undeclared executable files.
See section ‘Package structure’ in the ‘Writing R Extensions’ manual.
Flavors: r-oldrel-macos-arm64, r-oldrel-macos-x86_64
Version: 0.1.2
Check: R code for possible problems
Result: NOTE
Initiating curl with CURL_SSL_BACKEND: openssl
Flavor: r-oldrel-windows-ix86+x86_64