Last updated on 2022-05-22 22:51:52 CEST.
Flavor | Version | Tinstall | Tcheck | Ttotal | Status | Flags |
---|---|---|---|---|---|---|
r-devel-linux-x86_64-debian-clang | 0.1-1 | 30.51 | 288.65 | 319.16 | NOTE | |
r-devel-linux-x86_64-debian-gcc | 0.1-1 | 20.20 | 211.25 | 231.45 | NOTE | |
r-devel-linux-x86_64-fedora-clang | 0.1-1 | 363.65 | NOTE | |||
r-devel-linux-x86_64-fedora-gcc | 0.1-1 | 350.79 | NOTE | |||
r-devel-windows-x86_64 | 0.1-1 | 29.00 | 263.00 | 292.00 | NOTE | |
r-patched-linux-x86_64 | 0.1-1 | 26.74 | 275.34 | 302.08 | NOTE | |
r-release-linux-x86_64 | 0.1-1 | 23.67 | 268.72 | 292.39 | NOTE | |
r-release-macos-arm64 | 0.1-1 | 90.00 | NOTE | |||
r-release-macos-x86_64 | 0.1-1 | 112.00 | NOTE | |||
r-release-windows-x86_64 | 0.1-1 | 28.00 | 279.00 | 307.00 | NOTE | |
r-oldrel-macos-arm64 | 0.1-1 | 61.00 | NOTE | |||
r-oldrel-macos-x86_64 | 0.1-1 | 96.00 | NOTE | |||
r-oldrel-windows-ix86+x86_64 | 0.1-1 | 64.00 | 262.00 | 326.00 | NOTE |
Version: 0.1-1
Check: LazyData
Result: NOTE
'LazyData' is specified without a 'data' directory
Flavors: r-devel-linux-x86_64-debian-clang, r-devel-linux-x86_64-debian-gcc, r-devel-linux-x86_64-fedora-clang, r-devel-linux-x86_64-fedora-gcc, r-devel-windows-x86_64, r-patched-linux-x86_64, r-release-linux-x86_64, r-release-macos-arm64, r-release-macos-x86_64, r-release-windows-x86_64, r-oldrel-macos-arm64, r-oldrel-macos-x86_64, r-oldrel-windows-ix86+x86_64
Version: 0.1-1
Check: for non-standard things in the check directory
Result: NOTE
Found the following files/directories:
'.neig'
Flavors: r-devel-linux-x86_64-debian-clang, r-devel-linux-x86_64-debian-gcc, r-devel-linux-x86_64-fedora-clang, r-devel-linux-x86_64-fedora-gcc, r-patched-linux-x86_64, r-release-linux-x86_64