CRAN Package Check Results for Package splines2

Last updated on 2022-01-18 22:47:39 CET.

Flavor Version Tinstall Tcheck Ttotal Status Flags
r-devel-linux-x86_64-debian-clang 0.4.5 108.50 49.59 158.09 OK
r-devel-linux-x86_64-debian-gcc 0.4.5 83.75 39.16 122.91 OK
r-devel-linux-x86_64-fedora-clang 0.4.5 246.79 NOTE
r-devel-linux-x86_64-fedora-gcc 0.4.5 214.39 OK
r-devel-windows-x86_64-new-UL 0.4.5 169.00 105.00 274.00 OK
r-devel-windows-x86_64-new-TK 0.4.5 OK
r-patched-linux-x86_64 0.4.5 101.08 49.13 150.21 OK
r-release-linux-x86_64 0.4.5 OK
r-release-macos-arm64 0.4.5 NOTE
r-release-macos-x86_64 0.4.5 NOTE
r-release-windows-ix86+x86_64 0.4.5 276.00 109.00 385.00 OK
r-oldrel-macos-x86_64 0.4.5 NOTE
r-oldrel-windows-ix86+x86_64 0.4.5 275.00 105.00 380.00 OK

Check Details

Version: 0.4.5
Check: installed package size
Result: NOTE
     installed size is 5.5Mb
     sub-directories of 1Mb or more:
     libs 4.1Mb
Flavors: r-devel-linux-x86_64-fedora-clang, r-release-macos-arm64, r-release-macos-x86_64, r-oldrel-macos-x86_64