CRAN Package Check Results for Package splinetree

Last updated on 2021-12-02 22:56:09 CET.

Flavor Version Tinstall Tcheck Ttotal Status Flags
r-devel-linux-x86_64-debian-clang 0.2.0 18.04 186.89 204.93 OK
r-devel-linux-x86_64-debian-gcc 0.2.0 13.98 109.00 122.98 ERROR
r-devel-linux-x86_64-fedora-clang 0.2.0 247.95 OK
r-devel-linux-x86_64-fedora-gcc 0.2.0 206.10 ERROR
r-devel-windows-x86_64-new-UL 0.2.0 36.00 236.00 272.00 OK
r-devel-windows-x86_64-new-TK 0.2.0 OK
r-devel-windows-x86_64-old 0.2.0 29.00 173.00 202.00 OK
r-patched-linux-x86_64 0.2.0 16.59 173.97 190.56 OK
r-patched-solaris-x86 0.2.0 311.70 OK
r-release-linux-x86_64 0.2.0 17.62 173.34 190.96 OK
r-release-macos-arm64 0.2.0 OK
r-release-macos-x86_64 0.2.0 OK
r-release-windows-ix86+x86_64 0.2.0 39.00 229.00 268.00 OK
r-oldrel-macos-x86_64 0.2.0 OK
r-oldrel-windows-ix86+x86_64 0.2.0 39.00 220.00 259.00 OK

Check Details

Version: 0.2.0
Check: examples
Result: ERROR
    Running examples in ‘splinetree-Ex.R’ failed
    The error most likely occurred in:
    
    > base::assign(".ptime", proc.time(), pos = "CheckExEnv")
    > ### Name: splineTree
    > ### Title: Build a splinetree model.
    > ### Aliases: splineTree
    >
    > ### ** Examples
    >
    > nlsySample_subset <- nlsySample[nlsySample$ID %in% sample(unique(nlsySample$ID), 500),]
    > splitForm <- ~HISP+WHITE+BLACK+HGC_MOTHER+HGC_FATHER+SEX+Num_sibs
    > tree1 <- splineTree(splitForm, BMI~AGE, 'ID', nlsySample_subset, degree=3, intercept=TRUE, cp=0.005)
    Error in rpart(form, data = flat_data, method = ulist, control = control, :
     User 'eval' function returned invalid label
    Calls: splineTree -> rpart
    Execution halted
Flavor: r-devel-linux-x86_64-debian-gcc

Version: 0.2.0
Check: tests
Result: ERROR
     Running ‘testthat.R’ [7s/12s]
    Running the tests in ‘tests/testthat.R’ failed.
    Complete output:
     > library(testthat)
     > library(splinetree)
     Loading required package: rpart
     Loading required package: nlme
     Loading required package: splines
     >
     > test_check("splinetree")
     [1] "Building Tree:"
     [1] 1
     ══ Failed tests ════════════════════════════════════════════════════════════════
     ── Error (test-tree.R:9:3): Testing Trees ──────────────────────────────────────
     Error in `rpart(form, data = flat_data, method = ulist, control = control,
     parms = list(basisMatrix))`: User 'eval' function returned invalid label
     Backtrace:
     █
     1. └─splinetree::splineTree(...) test-tree.R:9:2
     2. └─rpart::rpart(...)
     ── Error (test_forest.R:8:3): Building Forests ─────────────────────────────────
     Error in `rpart(form, data = sample, method = ulist, control = control,
     maxcompete = 0, parms = list(basisMatrix, prob))`: User 'eval' function returned invalid label
     Backtrace:
     █
     1. └─splinetree::splineForest(...) test_forest.R:8:2
     2. └─rpart::rpart(...)
    
     [ FAIL 2 | WARN 1 | SKIP 0 | PASS 2 ]
     Error: Test failures
     Execution halted
Flavor: r-devel-linux-x86_64-debian-gcc

Version: 0.2.0
Check: examples
Result: ERROR
    Running examples in ‘splinetree-Ex.R’ failed
    The error most likely occurred in:
    
    > ### Name: splineTree
    > ### Title: Build a splinetree model.
    > ### Aliases: splineTree
    >
    > ### ** Examples
    >
    > nlsySample_subset <- nlsySample[nlsySample$ID %in% sample(unique(nlsySample$ID), 500),]
    > splitForm <- ~HISP+WHITE+BLACK+HGC_MOTHER+HGC_FATHER+SEX+Num_sibs
    > tree1 <- splineTree(splitForm, BMI~AGE, 'ID', nlsySample_subset, degree=3, intercept=TRUE, cp=0.005)
    Error in rpart(form, data = flat_data, method = ulist, control = control, :
     User 'eval' function returned invalid label
    Calls: splineTree -> rpart
    Execution halted
Flavor: r-devel-linux-x86_64-fedora-gcc

Version: 0.2.0
Check: tests
Result: ERROR
     Running ‘testthat.R’ [12s/21s]
    Running the tests in ‘tests/testthat.R’ failed.
    Complete output:
     > library(testthat)
     > library(splinetree)
     Loading required package: rpart
     Loading required package: nlme
     Loading required package: splines
     >
     > test_check("splinetree")
     [1] "Building Tree:"
     [1] 1
     ══ Failed tests ════════════════════════════════════════════════════════════════
     ── Error (test-tree.R:9:3): Testing Trees ──────────────────────────────────────
     Error in `rpart(form, data = flat_data, method = ulist, control = control,
     parms = list(basisMatrix))`: User 'eval' function returned invalid label
     Backtrace:
     █
     1. └─splinetree::splineTree(...) test-tree.R:9:2
     2. └─rpart::rpart(...)
     ── Error (test_forest.R:8:3): Building Forests ─────────────────────────────────
     Error in `rpart(form, data = sample, method = ulist, control = control,
     maxcompete = 0, parms = list(basisMatrix, prob))`: User 'eval' function returned invalid label
     Backtrace:
     █
     1. └─splinetree::splineForest(...) test_forest.R:8:2
     2. └─rpart::rpart(...)
    
     [ FAIL 2 | WARN 1 | SKIP 0 | PASS 2 ]
     Error: Test failures
     Execution halted
Flavor: r-devel-linux-x86_64-fedora-gcc